{"id":5713,"date":"2024-09-06T07:18:26","date_gmt":"2024-09-06T05:18:26","guid":{"rendered":"http:\/\/upominkiok.pl\/?post_type=product&#038;p=5713"},"modified":"2024-09-06T07:25:08","modified_gmt":"2024-09-06T05:25:08","slug":"ladowarka-sieciowa","status":"publish","type":"product","link":"https:\/\/upominkiok.pl\/?product=ladowarka-sieciowa","title":{"rendered":"\u0141adowarka Sieciowa"},"content":{"rendered":"\t\t<div data-elementor-type=\"wp-post\" data-elementor-id=\"5713\" class=\"elementor elementor-5713\" data-elementor-post-type=\"product\">\n\t\t\t\t\t\t<section class=\"elementor-section elementor-top-section elementor-element elementor-element-77c9109 elementor-section-content-top elementor-section-boxed elementor-section-height-default elementor-section-height-default\" data-id=\"77c9109\" data-element_type=\"section\">\n\t\t\t\t\t\t<div class=\"elementor-container elementor-column-gap-custom\">\n\t\t\t\t\t<div class=\"elementor-column elementor-col-50 elementor-top-column elementor-element elementor-element-4e6c717\" data-id=\"4e6c717\" data-element_type=\"column\">\n\t\t\t<div class=\"elementor-widget-wrap elementor-element-populated\">\n\t\t\t\t\t\t<div class=\"elementor-element elementor-element-677f358 elementor-widget elementor-widget-heading\" data-id=\"677f358\" data-element_type=\"widget\" data-widget_type=\"heading.default\">\n\t\t\t\t<div class=\"elementor-widget-container\">\n\t\t\t\t\t<h2 class=\"elementor-heading-title elementor-size-default\">\u0141adowarka Sieciowa<\/h2>\t\t\t\t<\/div>\n\t\t\t\t<\/div>\n\t\t\t\t<div class=\"elementor-element elementor-element-79687b6 elementor-widget__width-initial elementor-widget elementor-widget-text-editor\" data-id=\"79687b6\" data-element_type=\"widget\" data-widget_type=\"text-editor.default\">\n\t\t\t\t<div class=\"elementor-widget-container\">\n\t\t\t\t\t\t\t\t\t<p>\u0141adowarka sieciowa to funkcjonalny i stylowy gad\u017cet, kt\u00f3ry umo\u017cliwia szybkie i wygodne \u0142adowanie urz\u0105dze\u0144 mobilnych. Wyposa\u017cona w dwa porty \u2013 USB-A oraz typu C \u2013 jest kompatybilna z wi\u0119kszo\u015bci\u0105 nowoczesnych urz\u0105dze\u0144.<\/p><p>Dzi\u0119ki funkcji szybkiego \u0142adowania w standardzie QC 3.0 o mocy 20W, zapewnia efektywne zasilanie, oszcz\u0119dzaj\u0105c czas. Jej wyj\u0105tkowe wyko\u0144czenie z korka nadaje jej oryginalny, nietuzinkowy wygl\u0105d, kt\u00f3ry wyr\u00f3\u017cnia si\u0119 na tle klasycznych \u0142adowarek.<\/p><p>Dodatkowym atutem jest mo\u017cliwo\u015b\u0107 personalizacji \u2013 \u0142adowarka mo\u017ce by\u0107 grawerowana, co czyni j\u0105 idealnym pomys\u0142em na spersonalizowany prezent lub wyj\u0105tkowy gad\u017cet firmowy.<\/p><p>Wymiary produktu to 47 x 32 x 80 mm, a w celu uzyskania szczeg\u00f3\u0142\u00f3w dotycz\u0105cych znakowania, prosimy o kontakt. Elegancka, praktyczna i ekologiczna \u2013 doskona\u0142a do codziennego u\u017cytku!<\/p>\t\t\t\t\t\t\t\t<\/div>\n\t\t\t\t<\/div>\n\t\t\t\t\t<\/div>\n\t\t<\/div>\n\t\t\t\t<div class=\"elementor-column elementor-col-50 elementor-top-column elementor-element elementor-element-67ea4a5\" data-id=\"67ea4a5\" data-element_type=\"column\">\n\t\t\t<div class=\"elementor-widget-wrap elementor-element-populated\">\n\t\t\t\t\t\t<div class=\"elementor-element elementor-element-ab1e6aa elementor-widget elementor-widget-image\" data-id=\"ab1e6aa\" data-element_type=\"widget\" data-widget_type=\"image.default\">\n\t\t\t\t<div class=\"elementor-widget-container\">\n\t\t\t\t\t\t\t\t\t\t\t\t\t\t\t<img loading=\"lazy\" loading=\"lazy\" decoding=\"async\" width=\"1024\" height=\"1024\" src=\"https:\/\/upominkiok.pl\/wp-content\/uploads\/2024\/09\/ladowarka-sieciowa-z-lementami-korkowymi-grawer-logo-upominkiok-8-1024x1024.jpg\" class=\"attachment-large size-large wp-image-5721\" alt=\"\" srcset=\"https:\/\/upominkiok.pl\/wp-content\/uploads\/2024\/09\/ladowarka-sieciowa-z-lementami-korkowymi-grawer-logo-upominkiok-8-1024x1024.jpg 1024w, https:\/\/upominkiok.pl\/wp-content\/uploads\/2024\/09\/ladowarka-sieciowa-z-lementami-korkowymi-grawer-logo-upominkiok-8-366x366.jpg 366w, https:\/\/upominkiok.pl\/wp-content\/uploads\/2024\/09\/ladowarka-sieciowa-z-lementami-korkowymi-grawer-logo-upominkiok-8-100x100.jpg 100w, https:\/\/upominkiok.pl\/wp-content\/uploads\/2024\/09\/ladowarka-sieciowa-z-lementami-korkowymi-grawer-logo-upominkiok-8-600x600.jpg 600w, https:\/\/upominkiok.pl\/wp-content\/uploads\/2024\/09\/ladowarka-sieciowa-z-lementami-korkowymi-grawer-logo-upominkiok-8-300x300.jpg 300w, https:\/\/upominkiok.pl\/wp-content\/uploads\/2024\/09\/ladowarka-sieciowa-z-lementami-korkowymi-grawer-logo-upominkiok-8-150x150.jpg 150w, https:\/\/upominkiok.pl\/wp-content\/uploads\/2024\/09\/ladowarka-sieciowa-z-lementami-korkowymi-grawer-logo-upominkiok-8-768x768.jpg 768w, https:\/\/upominkiok.pl\/wp-content\/uploads\/2024\/09\/ladowarka-sieciowa-z-lementami-korkowymi-grawer-logo-upominkiok-8-1x1.jpg 1w, https:\/\/upominkiok.pl\/wp-content\/uploads\/2024\/09\/ladowarka-sieciowa-z-lementami-korkowymi-grawer-logo-upominkiok-8-10x10.jpg 10w, https:\/\/upominkiok.pl\/wp-content\/uploads\/2024\/09\/ladowarka-sieciowa-z-lementami-korkowymi-grawer-logo-upominkiok-8.jpg 1181w\" sizes=\"auto, (max-width: 1024px) 100vw, 1024px\" \/>\t\t\t\t\t\t\t\t\t\t\t\t\t\t\t<\/div>\n\t\t\t\t<\/div>\n\t\t\t\t\t<\/div>\n\t\t<\/div>\n\t\t\t\t\t<\/div>\n\t\t<\/section>\n\t\t\t\t<\/div>\n\t\t","protected":false},"excerpt":{"rendered":"<div class=\"flex-shrink-0 flex flex-col relative items-end\">\n<div class=\"pt-0\">\n<div class=\"gizmo-bot-avatar flex h-8 w-8 items-center justify-center overflow-hidden rounded-full\">\n<div class=\"relative p-1 rounded-sm flex items-center justify-center bg-token-main-surface-primary text-token-text-primary h-8 w-8\">\u0141adowarka sieciowa z portami USB-A i typu C, wyposa\u017cona w funkcj\u0119 szybkiego \u0142adowania QC 3.0 o mocy 20W, wyr\u00f3\u017cnia si\u0119 stylowym wyko\u0144czeniem z korka.<\/div>\n<\/div>\n<\/div>\n<\/div>\n","protected":false},"featured_media":5718,"comment_status":"closed","ping_status":"closed","template":"","meta":[],"etheme_brands":[],"product_brand":[],"product_cat":[57,40],"product_tag":[],"class_list":{"0":"post-5713","1":"product","2":"type-product","3":"status-publish","4":"has-post-thumbnail","6":"product_cat-ladowarki","7":"product_cat-upominki-firmowe","9":"first","10":"instock","11":"taxable","12":"shipping-taxable","13":"purchasable","14":"product-type-simple"},"_links":{"self":[{"href":"https:\/\/upominkiok.pl\/index.php?rest_route=\/wp\/v2\/product\/5713","targetHints":{"allow":["GET"]}}],"collection":[{"href":"https:\/\/upominkiok.pl\/index.php?rest_route=\/wp\/v2\/product"}],"about":[{"href":"https:\/\/upominkiok.pl\/index.php?rest_route=\/wp\/v2\/types\/product"}],"replies":[{"embeddable":true,"href":"https:\/\/upominkiok.pl\/index.php?rest_route=%2Fwp%2Fv2%2Fcomments&post=5713"}],"version-history":[{"count":4,"href":"https:\/\/upominkiok.pl\/index.php?rest_route=\/wp\/v2\/product\/5713\/revisions"}],"predecessor-version":[{"id":5726,"href":"https:\/\/upominkiok.pl\/index.php?rest_route=\/wp\/v2\/product\/5713\/revisions\/5726"}],"wp:featuredmedia":[{"embeddable":true,"href":"https:\/\/upominkiok.pl\/index.php?rest_route=\/wp\/v2\/media\/5718"}],"wp:attachment":[{"href":"https:\/\/upominkiok.pl\/index.php?rest_route=%2Fwp%2Fv2%2Fmedia&parent=5713"}],"wp:term":[{"taxonomy":"brand","embeddable":true,"href":"https:\/\/upominkiok.pl\/index.php?rest_route=%2Fwp%2Fv2%2Fetheme_brands&post=5713"},{"taxonomy":"product_brand","embeddable":true,"href":"https:\/\/upominkiok.pl\/index.php?rest_route=%2Fwp%2Fv2%2Fproduct_brand&post=5713"},{"taxonomy":"product_cat","embeddable":true,"href":"https:\/\/upominkiok.pl\/index.php?rest_route=%2Fwp%2Fv2%2Fproduct_cat&post=5713"},{"taxonomy":"product_tag","embeddable":true,"href":"https:\/\/upominkiok.pl\/index.php?rest_route=%2Fwp%2Fv2%2Fproduct_tag&post=5713"}],"curies":[{"name":"wp","href":"https:\/\/api.w.org\/{rel}","templated":true}]}}