{"id":5744,"date":"2024-09-06T07:39:13","date_gmt":"2024-09-06T05:39:13","guid":{"rendered":"http:\/\/upominkiok.pl\/?post_type=product&#038;p=5744"},"modified":"2024-09-08T06:27:12","modified_gmt":"2024-09-08T04:27:12","slug":"zestaw-upominkowy-dlugopis-i-brelok","status":"publish","type":"product","link":"https:\/\/upominkiok.pl\/?product=zestaw-upominkowy-dlugopis-i-brelok","title":{"rendered":"Zestaw Upominkowy D\u0142ugopis i Brelok"},"content":{"rendered":"\t\t<div data-elementor-type=\"wp-post\" data-elementor-id=\"5744\" class=\"elementor elementor-5744\" data-elementor-post-type=\"product\">\n\t\t\t\t\t\t<section class=\"elementor-section elementor-top-section elementor-element elementor-element-77c9109 elementor-section-content-top elementor-section-boxed elementor-section-height-default elementor-section-height-default\" data-id=\"77c9109\" data-element_type=\"section\">\n\t\t\t\t\t\t<div class=\"elementor-container elementor-column-gap-custom\">\n\t\t\t\t\t<div class=\"elementor-column elementor-col-50 elementor-top-column elementor-element elementor-element-4e6c717\" data-id=\"4e6c717\" data-element_type=\"column\">\n\t\t\t<div class=\"elementor-widget-wrap elementor-element-populated\">\n\t\t\t\t\t\t<div class=\"elementor-element elementor-element-677f358 elementor-widget elementor-widget-heading\" data-id=\"677f358\" data-element_type=\"widget\" data-widget_type=\"heading.default\">\n\t\t\t\t<div class=\"elementor-widget-container\">\n\t\t\t\t\t<h2 class=\"elementor-heading-title elementor-size-default\">Zestaw Upominkowy D\u0142ugopis i Brelok<\/h2>\t\t\t\t<\/div>\n\t\t\t\t<\/div>\n\t\t\t\t<div class=\"elementor-element elementor-element-79687b6 elementor-widget__width-initial elementor-widget elementor-widget-text-editor\" data-id=\"79687b6\" data-element_type=\"widget\" data-widget_type=\"text-editor.default\">\n\t\t\t\t<div class=\"elementor-widget-container\">\n\t\t\t\t\t\t\t\t\t<p>Elegancki zestaw upominkowy dto idealny wyb\u00f3r dla os\u00f3b ceni\u0105cych styl i funkcjonalno\u015b\u0107. W sk\u0142ad zestawu wchodz\u0105 d\u0142ugopis i brelok, oba z eleganckimi bambusowymi elementami, kt\u00f3re dodaj\u0105 im unikalnego i nowoczesnego wygl\u0105du.<\/p><p>D\u0142ugopis o wymiarach 140 x \u2300 12 mm i brelok o wymiarach 35 x 40 x 4 mm \u015bwietnie si\u0119 uzupe\u0142niaj\u0105, tworz\u0105c sp\u00f3jn\u0105 ca\u0142o\u015b\u0107.<\/p><p>Zestaw zapakowany jest w eleganckie pude\u0142ko imituj\u0105ce bambus, o wymiarach 170 x 92 x 26 mm, co dodaje mu jeszcze wi\u0119cej klasy i sprawia, \u017ce jest gotowy na prezent.<\/p><p>D\u0142ugopis i brelok mo\u017cna spersonalizowa\u0107 poprzez grawerowanie, co czyni ten zestaw jeszcze bardziej wyj\u0105tkowym. Idealny na prezent dla ka\u017cdego, kto ceni sobie elegancj\u0119 i dba\u0142o\u015b\u0107 o detale.<\/p>\t\t\t\t\t\t\t\t<\/div>\n\t\t\t\t<\/div>\n\t\t\t\t\t<\/div>\n\t\t<\/div>\n\t\t\t\t<div class=\"elementor-column elementor-col-50 elementor-top-column elementor-element elementor-element-67ea4a5\" data-id=\"67ea4a5\" data-element_type=\"column\">\n\t\t\t<div class=\"elementor-widget-wrap elementor-element-populated\">\n\t\t\t\t\t\t<div class=\"elementor-element elementor-element-ab1e6aa elementor-widget elementor-widget-image\" data-id=\"ab1e6aa\" data-element_type=\"widget\" data-widget_type=\"image.default\">\n\t\t\t\t<div class=\"elementor-widget-container\">\n\t\t\t\t\t\t\t\t\t\t\t\t\t\t\t<img loading=\"lazy\" loading=\"lazy\" decoding=\"async\" width=\"1024\" height=\"1024\" src=\"https:\/\/upominkiok.pl\/wp-content\/uploads\/2024\/09\/Zestaw-upominkowy-brelok-dlugopis-bambus-grawer-laserem-logo-upominkiok-4-1024x1024.jpg\" class=\"attachment-large size-large wp-image-5745\" alt=\"\" srcset=\"https:\/\/upominkiok.pl\/wp-content\/uploads\/2024\/09\/Zestaw-upominkowy-brelok-dlugopis-bambus-grawer-laserem-logo-upominkiok-4-1024x1024.jpg 1024w, https:\/\/upominkiok.pl\/wp-content\/uploads\/2024\/09\/Zestaw-upominkowy-brelok-dlugopis-bambus-grawer-laserem-logo-upominkiok-4-366x366.jpg 366w, https:\/\/upominkiok.pl\/wp-content\/uploads\/2024\/09\/Zestaw-upominkowy-brelok-dlugopis-bambus-grawer-laserem-logo-upominkiok-4-100x100.jpg 100w, https:\/\/upominkiok.pl\/wp-content\/uploads\/2024\/09\/Zestaw-upominkowy-brelok-dlugopis-bambus-grawer-laserem-logo-upominkiok-4-600x600.jpg 600w, https:\/\/upominkiok.pl\/wp-content\/uploads\/2024\/09\/Zestaw-upominkowy-brelok-dlugopis-bambus-grawer-laserem-logo-upominkiok-4-300x300.jpg 300w, https:\/\/upominkiok.pl\/wp-content\/uploads\/2024\/09\/Zestaw-upominkowy-brelok-dlugopis-bambus-grawer-laserem-logo-upominkiok-4-150x150.jpg 150w, https:\/\/upominkiok.pl\/wp-content\/uploads\/2024\/09\/Zestaw-upominkowy-brelok-dlugopis-bambus-grawer-laserem-logo-upominkiok-4-768x768.jpg 768w, https:\/\/upominkiok.pl\/wp-content\/uploads\/2024\/09\/Zestaw-upominkowy-brelok-dlugopis-bambus-grawer-laserem-logo-upominkiok-4-1x1.jpg 1w, https:\/\/upominkiok.pl\/wp-content\/uploads\/2024\/09\/Zestaw-upominkowy-brelok-dlugopis-bambus-grawer-laserem-logo-upominkiok-4-10x10.jpg 10w, https:\/\/upominkiok.pl\/wp-content\/uploads\/2024\/09\/Zestaw-upominkowy-brelok-dlugopis-bambus-grawer-laserem-logo-upominkiok-4.jpg 1181w\" sizes=\"auto, (max-width: 1024px) 100vw, 1024px\" \/>\t\t\t\t\t\t\t\t\t\t\t\t\t\t\t<\/div>\n\t\t\t\t<\/div>\n\t\t\t\t\t<\/div>\n\t\t<\/div>\n\t\t\t\t\t<\/div>\n\t\t<\/section>\n\t\t\t\t<\/div>\n\t\t","protected":false},"excerpt":{"rendered":"<div class=\"flex-shrink-0 flex flex-col relative items-end\">\n<div class=\"pt-0\">\n<div class=\"gizmo-bot-avatar flex h-8 w-8 items-center justify-center overflow-hidden rounded-full\">\n<div class=\"relative p-1 rounded-sm flex items-center justify-center bg-token-main-surface-primary text-token-text-primary h-8 w-8\">\n<div class=\"flex-shrink-0 flex flex-col relative items-end\">\n<div class=\"pt-0\">\n<div class=\"gizmo-bot-avatar flex h-8 w-8 items-center justify-center overflow-hidden rounded-full\">\n<div class=\"relative p-1 rounded-sm flex items-center justify-center bg-token-main-surface-primary text-token-text-primary h-8 w-8\">Elegancki zestaw upominkowy, sk\u0142adaj\u0105cy si\u0119 z d\u0142ugopisu i breloka z bambusowymi elementami, jest idealnym prezentem, zapakowanym w pude\u0142ko imituj\u0105ce bambus.<\/div>\n<\/div>\n<\/div>\n<\/div>\n<\/div>\n<\/div>\n<\/div>\n<\/div>\n","protected":false},"featured_media":5746,"comment_status":"closed","ping_status":"closed","template":"","meta":[],"etheme_brands":[],"product_brand":[],"product_cat":[60,40],"product_tag":[],"class_list":{"0":"post-5744","1":"product","2":"type-product","3":"status-publish","4":"has-post-thumbnail","6":"product_cat-zestawy-pismiennicze-upominki-firmowe","7":"product_cat-upominki-firmowe","9":"first","10":"instock","11":"taxable","12":"shipping-taxable","13":"purchasable","14":"product-type-simple"},"_links":{"self":[{"href":"https:\/\/upominkiok.pl\/index.php?rest_route=\/wp\/v2\/product\/5744","targetHints":{"allow":["GET"]}}],"collection":[{"href":"https:\/\/upominkiok.pl\/index.php?rest_route=\/wp\/v2\/product"}],"about":[{"href":"https:\/\/upominkiok.pl\/index.php?rest_route=\/wp\/v2\/types\/product"}],"replies":[{"embeddable":true,"href":"https:\/\/upominkiok.pl\/index.php?rest_route=%2Fwp%2Fv2%2Fcomments&post=5744"}],"version-history":[{"count":5,"href":"https:\/\/upominkiok.pl\/index.php?rest_route=\/wp\/v2\/product\/5744\/revisions"}],"predecessor-version":[{"id":5769,"href":"https:\/\/upominkiok.pl\/index.php?rest_route=\/wp\/v2\/product\/5744\/revisions\/5769"}],"wp:featuredmedia":[{"embeddable":true,"href":"https:\/\/upominkiok.pl\/index.php?rest_route=\/wp\/v2\/media\/5746"}],"wp:attachment":[{"href":"https:\/\/upominkiok.pl\/index.php?rest_route=%2Fwp%2Fv2%2Fmedia&parent=5744"}],"wp:term":[{"taxonomy":"brand","embeddable":true,"href":"https:\/\/upominkiok.pl\/index.php?rest_route=%2Fwp%2Fv2%2Fetheme_brands&post=5744"},{"taxonomy":"product_brand","embeddable":true,"href":"https:\/\/upominkiok.pl\/index.php?rest_route=%2Fwp%2Fv2%2Fproduct_brand&post=5744"},{"taxonomy":"product_cat","embeddable":true,"href":"https:\/\/upominkiok.pl\/index.php?rest_route=%2Fwp%2Fv2%2Fproduct_cat&post=5744"},{"taxonomy":"product_tag","embeddable":true,"href":"https:\/\/upominkiok.pl\/index.php?rest_route=%2Fwp%2Fv2%2Fproduct_tag&post=5744"}],"curies":[{"name":"wp","href":"https:\/\/api.w.org\/{rel}","templated":true}]}}