{"id":5792,"date":"2024-09-07T06:30:45","date_gmt":"2024-09-07T04:30:45","guid":{"rendered":"http:\/\/upominkiok.pl\/?post_type=product&#038;p=5792"},"modified":"2024-09-07T06:37:37","modified_gmt":"2024-09-07T04:37:37","slug":"drewniany-piornik-z-kredkami","status":"publish","type":"product","link":"https:\/\/upominkiok.pl\/?product=drewniany-piornik-z-kredkami","title":{"rendered":"Drewniany Pi\u00f3rnik z Kredkami"},"content":{"rendered":"\t\t<div data-elementor-type=\"wp-post\" data-elementor-id=\"5792\" class=\"elementor elementor-5792\" data-elementor-post-type=\"product\">\n\t\t\t\t\t\t<section class=\"elementor-section elementor-top-section elementor-element elementor-element-77c9109 elementor-section-content-top elementor-section-boxed elementor-section-height-default elementor-section-height-default\" data-id=\"77c9109\" data-element_type=\"section\">\n\t\t\t\t\t\t<div class=\"elementor-container elementor-column-gap-custom\">\n\t\t\t\t\t<div class=\"elementor-column elementor-col-50 elementor-top-column elementor-element elementor-element-4e6c717\" data-id=\"4e6c717\" data-element_type=\"column\">\n\t\t\t<div class=\"elementor-widget-wrap elementor-element-populated\">\n\t\t\t\t\t\t<div class=\"elementor-element elementor-element-677f358 elementor-widget elementor-widget-heading\" data-id=\"677f358\" data-element_type=\"widget\" data-widget_type=\"heading.default\">\n\t\t\t\t<div class=\"elementor-widget-container\">\n\t\t\t\t\t<h2 class=\"elementor-heading-title elementor-size-default\">Drewniany Pi\u00f3rnik z Kredkami<\/h2>\t\t\t\t<\/div>\n\t\t\t\t<\/div>\n\t\t\t\t<div class=\"elementor-element elementor-element-79687b6 elementor-widget__width-initial elementor-widget elementor-widget-text-editor\" data-id=\"79687b6\" data-element_type=\"widget\" data-widget_type=\"text-editor.default\">\n\t\t\t\t<div class=\"elementor-widget-container\">\n\t\t\t\t\t\t\t\t\t<p>Drewniany pi\u00f3rnik to elegancki i praktyczny zestaw, kt\u00f3ry idealnie sprawdzi si\u0119 jako upominek dla mi\u0142o\u015bnik\u00f3w rysowania i os\u00f3b ceni\u0105cych naturalne materia\u0142y. Pi\u00f3rnik zawiera dwana\u015bcie drewnianych kredek, linijk\u0119, gumk\u0119 oraz temper\u00f3wk\u0119, dzi\u0119ki czemu jest kompletnym zestawem do pracy lub nauki.<\/p><p>Wykonany z naturalnego drewna, pi\u00f3rnik wyr\u00f3\u017cnia si\u0119 solidnym wykonaniem oraz klasycznym wygl\u0105dem, kt\u00f3ry przyci\u0105ga wzrok.<\/p><p>Jego wymiary to 210 x 44 x 30 mm, co sprawia, \u017ce jest kompaktowy i \u0142atwy do przenoszenia. Dodatkowo, na powierzchni pi\u00f3rnika mo\u017cna wykona\u0107 personalizowany grawer, co czyni go doskona\u0142ym prezentem zar\u00f3wno dla dzieci, jak i doros\u0142ych. To po\u0142\u0105czenie funkcjonalno\u015bci z eleganckim stylem, kt\u00f3re b\u0119dzie \u015bwietnym dodatkiem do biurka, szkolnej \u0142awki czy torby.<\/p><p>Postaw na naturalno\u015b\u0107 i unikalno\u015b\u0107, wybieraj\u0105c drewniany pi\u00f3rnik z mo\u017cliwo\u015bci\u0105 personalizacji!<\/p>\t\t\t\t\t\t\t\t<\/div>\n\t\t\t\t<\/div>\n\t\t\t\t\t<\/div>\n\t\t<\/div>\n\t\t\t\t<div class=\"elementor-column elementor-col-50 elementor-top-column elementor-element elementor-element-67ea4a5\" data-id=\"67ea4a5\" data-element_type=\"column\">\n\t\t\t<div class=\"elementor-widget-wrap elementor-element-populated\">\n\t\t\t\t\t\t<div class=\"elementor-element elementor-element-ab1e6aa elementor-widget elementor-widget-image\" data-id=\"ab1e6aa\" data-element_type=\"widget\" data-widget_type=\"image.default\">\n\t\t\t\t<div class=\"elementor-widget-container\">\n\t\t\t\t\t\t\t\t\t\t\t\t\t\t\t<img loading=\"lazy\" loading=\"lazy\" decoding=\"async\" width=\"1024\" height=\"1024\" src=\"https:\/\/upominkiok.pl\/wp-content\/uploads\/2024\/09\/drewniany-piornik-z-kredkami-12szt-z-grawerem-logo-firmowe-upominkiok-8-1024x1024.jpg\" class=\"attachment-large size-large wp-image-5798\" alt=\"\" srcset=\"https:\/\/upominkiok.pl\/wp-content\/uploads\/2024\/09\/drewniany-piornik-z-kredkami-12szt-z-grawerem-logo-firmowe-upominkiok-8-1024x1024.jpg 1024w, https:\/\/upominkiok.pl\/wp-content\/uploads\/2024\/09\/drewniany-piornik-z-kredkami-12szt-z-grawerem-logo-firmowe-upominkiok-8-366x366.jpg 366w, https:\/\/upominkiok.pl\/wp-content\/uploads\/2024\/09\/drewniany-piornik-z-kredkami-12szt-z-grawerem-logo-firmowe-upominkiok-8-100x100.jpg 100w, https:\/\/upominkiok.pl\/wp-content\/uploads\/2024\/09\/drewniany-piornik-z-kredkami-12szt-z-grawerem-logo-firmowe-upominkiok-8-600x600.jpg 600w, https:\/\/upominkiok.pl\/wp-content\/uploads\/2024\/09\/drewniany-piornik-z-kredkami-12szt-z-grawerem-logo-firmowe-upominkiok-8-300x300.jpg 300w, https:\/\/upominkiok.pl\/wp-content\/uploads\/2024\/09\/drewniany-piornik-z-kredkami-12szt-z-grawerem-logo-firmowe-upominkiok-8-150x150.jpg 150w, https:\/\/upominkiok.pl\/wp-content\/uploads\/2024\/09\/drewniany-piornik-z-kredkami-12szt-z-grawerem-logo-firmowe-upominkiok-8-768x768.jpg 768w, https:\/\/upominkiok.pl\/wp-content\/uploads\/2024\/09\/drewniany-piornik-z-kredkami-12szt-z-grawerem-logo-firmowe-upominkiok-8-1x1.jpg 1w, https:\/\/upominkiok.pl\/wp-content\/uploads\/2024\/09\/drewniany-piornik-z-kredkami-12szt-z-grawerem-logo-firmowe-upominkiok-8-10x10.jpg 10w, https:\/\/upominkiok.pl\/wp-content\/uploads\/2024\/09\/drewniany-piornik-z-kredkami-12szt-z-grawerem-logo-firmowe-upominkiok-8.jpg 1181w\" sizes=\"auto, (max-width: 1024px) 100vw, 1024px\" \/>\t\t\t\t\t\t\t\t\t\t\t\t\t\t\t<\/div>\n\t\t\t\t<\/div>\n\t\t\t\t\t<\/div>\n\t\t<\/div>\n\t\t\t\t\t<\/div>\n\t\t<\/section>\n\t\t\t\t<\/div>\n\t\t","protected":false},"excerpt":{"rendered":"<div class=\"flex-shrink-0 flex flex-col relative items-end\">\n<div class=\"pt-0\">\n<div class=\"gizmo-bot-avatar flex h-8 w-8 items-center justify-center overflow-hidden rounded-full\">\n<div class=\"relative p-1 rounded-sm flex items-center justify-center bg-token-main-surface-primary text-token-text-primary h-8 w-8\">\n<div class=\"flex-shrink-0 flex flex-col relative items-end\">\n<div class=\"pt-0\">\n<div class=\"gizmo-bot-avatar flex h-8 w-8 items-center justify-center overflow-hidden rounded-full\">\n<div class=\"relative p-1 rounded-sm flex items-center justify-center bg-token-main-surface-primary text-token-text-primary h-8 w-8\">\n<div class=\"flex-shrink-0 flex flex-col relative items-end\">\n<div class=\"pt-0\">\n<div class=\"gizmo-bot-avatar flex h-8 w-8 items-center justify-center overflow-hidden rounded-full\">\n<div class=\"relative p-1 rounded-sm flex items-center justify-center bg-token-main-surface-primary text-token-text-primary h-8 w-8\">Drewniany pi\u00f3rnik zawiera 12 kredek, linijk\u0119, gumk\u0119 i temper\u00f3wk\u0119, a logo mo\u017cna wygrawerowa\u0107 bezpo\u015brednio na pude\u0142ku.<\/div>\n<\/div>\n<\/div>\n<\/div>\n<\/div>\n<\/div>\n<\/div>\n<\/div>\n<\/div>\n<\/div>\n<\/div>\n<\/div>\n","protected":false},"featured_media":5797,"comment_status":"closed","ping_status":"closed","template":"","meta":[],"etheme_brands":[],"product_brand":[],"product_cat":[63,40],"product_tag":[],"class_list":{"0":"post-5792","1":"product","2":"type-product","3":"status-publish","4":"has-post-thumbnail","6":"product_cat-piorniki","7":"product_cat-upominki-firmowe","9":"first","10":"instock","11":"taxable","12":"shipping-taxable","13":"purchasable","14":"product-type-simple"},"_links":{"self":[{"href":"https:\/\/upominkiok.pl\/index.php?rest_route=\/wp\/v2\/product\/5792","targetHints":{"allow":["GET"]}}],"collection":[{"href":"https:\/\/upominkiok.pl\/index.php?rest_route=\/wp\/v2\/product"}],"about":[{"href":"https:\/\/upominkiok.pl\/index.php?rest_route=\/wp\/v2\/types\/product"}],"replies":[{"embeddable":true,"href":"https:\/\/upominkiok.pl\/index.php?rest_route=%2Fwp%2Fv2%2Fcomments&post=5792"}],"version-history":[{"count":6,"href":"https:\/\/upominkiok.pl\/index.php?rest_route=\/wp\/v2\/product\/5792\/revisions"}],"predecessor-version":[{"id":5806,"href":"https:\/\/upominkiok.pl\/index.php?rest_route=\/wp\/v2\/product\/5792\/revisions\/5806"}],"wp:featuredmedia":[{"embeddable":true,"href":"https:\/\/upominkiok.pl\/index.php?rest_route=\/wp\/v2\/media\/5797"}],"wp:attachment":[{"href":"https:\/\/upominkiok.pl\/index.php?rest_route=%2Fwp%2Fv2%2Fmedia&parent=5792"}],"wp:term":[{"taxonomy":"brand","embeddable":true,"href":"https:\/\/upominkiok.pl\/index.php?rest_route=%2Fwp%2Fv2%2Fetheme_brands&post=5792"},{"taxonomy":"product_brand","embeddable":true,"href":"https:\/\/upominkiok.pl\/index.php?rest_route=%2Fwp%2Fv2%2Fproduct_brand&post=5792"},{"taxonomy":"product_cat","embeddable":true,"href":"https:\/\/upominkiok.pl\/index.php?rest_route=%2Fwp%2Fv2%2Fproduct_cat&post=5792"},{"taxonomy":"product_tag","embeddable":true,"href":"https:\/\/upominkiok.pl\/index.php?rest_route=%2Fwp%2Fv2%2Fproduct_tag&post=5792"}],"curies":[{"name":"wp","href":"https:\/\/api.w.org\/{rel}","templated":true}]}}