{"id":5983,"date":"2024-09-08T07:38:43","date_gmt":"2024-09-08T05:38:43","guid":{"rendered":"http:\/\/upominkiok.pl\/?post_type=product&#038;p=5983"},"modified":"2024-09-08T07:43:28","modified_gmt":"2024-09-08T05:43:28","slug":"temos-z-bambusem-500ml","status":"publish","type":"product","link":"https:\/\/upominkiok.pl\/?product=temos-z-bambusem-500ml","title":{"rendered":"Termos z Bambusem 500ml"},"content":{"rendered":"\t\t<div data-elementor-type=\"wp-post\" data-elementor-id=\"5983\" class=\"elementor elementor-5983\" data-elementor-post-type=\"product\">\n\t\t\t\t\t\t<section class=\"elementor-section elementor-top-section elementor-element elementor-element-77c9109 elementor-section-content-top elementor-section-boxed elementor-section-height-default elementor-section-height-default\" data-id=\"77c9109\" data-element_type=\"section\">\n\t\t\t\t\t\t<div class=\"elementor-container elementor-column-gap-custom\">\n\t\t\t\t\t<div class=\"elementor-column elementor-col-50 elementor-top-column elementor-element elementor-element-4e6c717\" data-id=\"4e6c717\" data-element_type=\"column\">\n\t\t\t<div class=\"elementor-widget-wrap elementor-element-populated\">\n\t\t\t\t\t\t<div class=\"elementor-element elementor-element-677f358 elementor-widget elementor-widget-heading\" data-id=\"677f358\" data-element_type=\"widget\" data-widget_type=\"heading.default\">\n\t\t\t\t<div class=\"elementor-widget-container\">\n\t\t\t\t\t<h2 class=\"elementor-heading-title elementor-size-default\">Termos z Bambusem 500ml<\/h2>\t\t\t\t<\/div>\n\t\t\t\t<\/div>\n\t\t\t\t<div class=\"elementor-element elementor-element-79687b6 elementor-widget__width-initial elementor-widget elementor-widget-text-editor\" data-id=\"79687b6\" data-element_type=\"widget\" data-widget_type=\"text-editor.default\">\n\t\t\t\t<div class=\"elementor-widget-container\">\n\t\t\t\t\t\t\t\t\t<p>Termos z bambusem \u0142\u0105czy w sobie estetyk\u0119 i funkcjonalno\u015b\u0107, oferuj\u0105c eleganckie rozwi\u0105zanie dla os\u00f3b poszukuj\u0105cych zar\u00f3wno stylowego, jak i praktycznego akcesorium. Wykonany z wysokiej jako\u015bci stali nierdzewnej, termos wyr\u00f3\u017cnia si\u0119 naturaln\u0105 warstw\u0105 bambusa, kt\u00f3ra doskonale wsp\u00f3\u0142gra z metalowym rdzeniem, tworz\u0105c efektowny i nowoczesny design.<\/p><p>Dzi\u0119ki zaawansowanej technologii pr\u00f3\u017cniowej mi\u0119dzy \u015bciankami, termos utrzymuje temperatur\u0119 napoj\u00f3w do 12 godzin, co sprawia, \u017ce idealnie sprawdza si\u0119 zar\u00f3wno w codziennym u\u017cytkowaniu, jak i podczas d\u0142u\u017cszych podr\u00f3\u017cy.<\/p><p>Oferujemy mo\u017cliwo\u015b\u0107 grawerowania, co pozwala na personalizacj\u0119 termosu i uczynienie go wyj\u0105tkowym prezentem dla bliskiej osoby lub eleganckim dodatkiem do w\u0142asnych akcesori\u00f3w.<\/p><p>Wymiary: 2,5 x 6,5 cm.<\/p>\t\t\t\t\t\t\t\t<\/div>\n\t\t\t\t<\/div>\n\t\t\t\t\t<\/div>\n\t\t<\/div>\n\t\t\t\t<div class=\"elementor-column elementor-col-50 elementor-top-column elementor-element elementor-element-67ea4a5\" data-id=\"67ea4a5\" data-element_type=\"column\">\n\t\t\t<div class=\"elementor-widget-wrap elementor-element-populated\">\n\t\t\t\t\t\t<div class=\"elementor-element elementor-element-ab1e6aa elementor-widget elementor-widget-image\" data-id=\"ab1e6aa\" data-element_type=\"widget\" data-widget_type=\"image.default\">\n\t\t\t\t<div class=\"elementor-widget-container\">\n\t\t\t\t\t\t\t\t\t\t\t\t\t\t\t<img loading=\"lazy\" loading=\"lazy\" decoding=\"async\" width=\"1024\" height=\"1024\" src=\"https:\/\/upominkiok.pl\/wp-content\/uploads\/2024\/09\/termos-500ml-stal-bambus-eko-najlepszy-do-graweru-firmowe-logo-2a-1024x1024.jpg\" class=\"attachment-large size-large wp-image-5988\" alt=\"\" srcset=\"https:\/\/upominkiok.pl\/wp-content\/uploads\/2024\/09\/termos-500ml-stal-bambus-eko-najlepszy-do-graweru-firmowe-logo-2a-1024x1024.jpg 1024w, https:\/\/upominkiok.pl\/wp-content\/uploads\/2024\/09\/termos-500ml-stal-bambus-eko-najlepszy-do-graweru-firmowe-logo-2a-366x366.jpg 366w, https:\/\/upominkiok.pl\/wp-content\/uploads\/2024\/09\/termos-500ml-stal-bambus-eko-najlepszy-do-graweru-firmowe-logo-2a-100x100.jpg 100w, https:\/\/upominkiok.pl\/wp-content\/uploads\/2024\/09\/termos-500ml-stal-bambus-eko-najlepszy-do-graweru-firmowe-logo-2a-600x600.jpg 600w, https:\/\/upominkiok.pl\/wp-content\/uploads\/2024\/09\/termos-500ml-stal-bambus-eko-najlepszy-do-graweru-firmowe-logo-2a-300x300.jpg 300w, https:\/\/upominkiok.pl\/wp-content\/uploads\/2024\/09\/termos-500ml-stal-bambus-eko-najlepszy-do-graweru-firmowe-logo-2a-150x150.jpg 150w, https:\/\/upominkiok.pl\/wp-content\/uploads\/2024\/09\/termos-500ml-stal-bambus-eko-najlepszy-do-graweru-firmowe-logo-2a-768x768.jpg 768w, https:\/\/upominkiok.pl\/wp-content\/uploads\/2024\/09\/termos-500ml-stal-bambus-eko-najlepszy-do-graweru-firmowe-logo-2a-1x1.jpg 1w, https:\/\/upominkiok.pl\/wp-content\/uploads\/2024\/09\/termos-500ml-stal-bambus-eko-najlepszy-do-graweru-firmowe-logo-2a-10x10.jpg 10w, https:\/\/upominkiok.pl\/wp-content\/uploads\/2024\/09\/termos-500ml-stal-bambus-eko-najlepszy-do-graweru-firmowe-logo-2a.jpg 1181w\" sizes=\"auto, (max-width: 1024px) 100vw, 1024px\" \/>\t\t\t\t\t\t\t\t\t\t\t\t\t\t\t<\/div>\n\t\t\t\t<\/div>\n\t\t\t\t\t<\/div>\n\t\t<\/div>\n\t\t\t\t\t<\/div>\n\t\t<\/section>\n\t\t\t\t<\/div>\n\t\t","protected":false},"excerpt":{"rendered":"<p>Termos z bambusem \u0142\u0105czy estetyk\u0119 naturalnego bambusa z solidno\u015bci\u0105 stali nierdzewnej, utrzymuj\u0105c temperatur\u0119 napoj\u00f3w do 12 godzin dzi\u0119ki pr\u00f3\u017cniowej izolacji mi\u0119dzy \u015bciankami.<\/p>\n","protected":false},"featured_media":5986,"comment_status":"closed","ping_status":"closed","template":"","meta":[],"etheme_brands":[],"product_brand":[],"product_cat":[66,40],"product_tag":[],"class_list":{"0":"post-5983","1":"product","2":"type-product","3":"status-publish","4":"has-post-thumbnail","6":"product_cat-termosy","7":"product_cat-upominki-firmowe","9":"first","10":"instock","11":"taxable","12":"shipping-taxable","13":"purchasable","14":"product-type-simple"},"_links":{"self":[{"href":"https:\/\/upominkiok.pl\/index.php?rest_route=\/wp\/v2\/product\/5983","targetHints":{"allow":["GET"]}}],"collection":[{"href":"https:\/\/upominkiok.pl\/index.php?rest_route=\/wp\/v2\/product"}],"about":[{"href":"https:\/\/upominkiok.pl\/index.php?rest_route=\/wp\/v2\/types\/product"}],"replies":[{"embeddable":true,"href":"https:\/\/upominkiok.pl\/index.php?rest_route=%2Fwp%2Fv2%2Fcomments&post=5983"}],"version-history":[{"count":5,"href":"https:\/\/upominkiok.pl\/index.php?rest_route=\/wp\/v2\/product\/5983\/revisions"}],"predecessor-version":[{"id":5994,"href":"https:\/\/upominkiok.pl\/index.php?rest_route=\/wp\/v2\/product\/5983\/revisions\/5994"}],"wp:featuredmedia":[{"embeddable":true,"href":"https:\/\/upominkiok.pl\/index.php?rest_route=\/wp\/v2\/media\/5986"}],"wp:attachment":[{"href":"https:\/\/upominkiok.pl\/index.php?rest_route=%2Fwp%2Fv2%2Fmedia&parent=5983"}],"wp:term":[{"taxonomy":"brand","embeddable":true,"href":"https:\/\/upominkiok.pl\/index.php?rest_route=%2Fwp%2Fv2%2Fetheme_brands&post=5983"},{"taxonomy":"product_brand","embeddable":true,"href":"https:\/\/upominkiok.pl\/index.php?rest_route=%2Fwp%2Fv2%2Fproduct_brand&post=5983"},{"taxonomy":"product_cat","embeddable":true,"href":"https:\/\/upominkiok.pl\/index.php?rest_route=%2Fwp%2Fv2%2Fproduct_cat&post=5983"},{"taxonomy":"product_tag","embeddable":true,"href":"https:\/\/upominkiok.pl\/index.php?rest_route=%2Fwp%2Fv2%2Fproduct_tag&post=5983"}],"curies":[{"name":"wp","href":"https:\/\/api.w.org\/{rel}","templated":true}]}}