{"id":6156,"date":"2024-09-09T07:29:49","date_gmt":"2024-09-09T05:29:49","guid":{"rendered":"http:\/\/upominkiok.pl\/?post_type=product&#038;p=6156"},"modified":"2024-09-10T06:58:07","modified_gmt":"2024-09-10T04:58:07","slug":"butelka-stalowa-z-zawieszka-600ml","status":"publish","type":"product","link":"https:\/\/upominkiok.pl\/?product=butelka-stalowa-z-zawieszka-600ml","title":{"rendered":"Butelka Stalowa z Zawieszk\u0105 600ml"},"content":{"rendered":"\t\t<div data-elementor-type=\"wp-post\" data-elementor-id=\"6156\" class=\"elementor elementor-6156\" data-elementor-post-type=\"product\">\n\t\t\t\t\t\t<section class=\"elementor-section elementor-top-section elementor-element elementor-element-77c9109 elementor-section-content-top elementor-section-boxed elementor-section-height-default elementor-section-height-default\" data-id=\"77c9109\" data-element_type=\"section\">\n\t\t\t\t\t\t<div class=\"elementor-container elementor-column-gap-custom\">\n\t\t\t\t\t<div class=\"elementor-column elementor-col-50 elementor-top-column elementor-element elementor-element-4e6c717\" data-id=\"4e6c717\" data-element_type=\"column\">\n\t\t\t<div class=\"elementor-widget-wrap elementor-element-populated\">\n\t\t\t\t\t\t<div class=\"elementor-element elementor-element-677f358 elementor-widget elementor-widget-heading\" data-id=\"677f358\" data-element_type=\"widget\" data-widget_type=\"heading.default\">\n\t\t\t\t<div class=\"elementor-widget-container\">\n\t\t\t\t\t<h2 class=\"elementor-heading-title elementor-size-default\">Butelka Stalowa z Zawieszk\u0105 600ml<\/h2>\t\t\t\t<\/div>\n\t\t\t\t<\/div>\n\t\t\t\t<div class=\"elementor-element elementor-element-79687b6 elementor-widget__width-initial elementor-widget elementor-widget-text-editor\" data-id=\"79687b6\" data-element_type=\"widget\" data-widget_type=\"text-editor.default\">\n\t\t\t\t<div class=\"elementor-widget-container\">\n\t\t\t\t\t\t\t\t\t<p>Elegancka butelka o pojemno\u015bci 600 ml, wykonana ze stali nierdzewnej, doskonale sprawdzi si\u0119 zar\u00f3wno na co dzie\u0144, jak i podczas podr\u00f3\u017cy.<\/p><p>Zakr\u0119cane zamkni\u0119cie gwarantuje szczelno\u015b\u0107, a praktyczny sznureczek u\u0142atwia przenoszenie butelki. Solidne wykonanie i oryginalny design sprawiaj\u0105, \u017ce jest to produkt idealny dla os\u00f3b ceni\u0105cych trwa\u0142o\u015b\u0107 oraz styl. Butelka pakowana jest w kartonik, co czyni j\u0105 r\u00f3wnie\u017c \u015bwietnym pomys\u0142em na prezent.<\/p><p>Dodatkowo, istnieje mo\u017cliwo\u015b\u0107 personalizacji poprzez grawerowanie. Wymiary: 22,5 x 7 cm.<\/p>\t\t\t\t\t\t\t\t<\/div>\n\t\t\t\t<\/div>\n\t\t\t\t\t<\/div>\n\t\t<\/div>\n\t\t\t\t<div class=\"elementor-column elementor-col-50 elementor-top-column elementor-element elementor-element-67ea4a5\" data-id=\"67ea4a5\" data-element_type=\"column\">\n\t\t\t<div class=\"elementor-widget-wrap elementor-element-populated\">\n\t\t\t\t\t\t<div class=\"elementor-element elementor-element-ab1e6aa elementor-widget elementor-widget-image\" data-id=\"ab1e6aa\" data-element_type=\"widget\" data-widget_type=\"image.default\">\n\t\t\t\t<div class=\"elementor-widget-container\">\n\t\t\t\t\t\t\t\t\t\t\t\t\t\t\t<img loading=\"lazy\" loading=\"lazy\" decoding=\"async\" width=\"1024\" height=\"1024\" src=\"https:\/\/upominkiok.pl\/wp-content\/uploads\/2024\/09\/elegancka-butelka-stalowa-termiczna-nowy-design-nowosc-z-grawerem-idealna-na-wycieczki-prezent-600-ml-upominkiok-5-1024x1024.jpg\" class=\"attachment-large size-large wp-image-6164\" alt=\"\" srcset=\"https:\/\/upominkiok.pl\/wp-content\/uploads\/2024\/09\/elegancka-butelka-stalowa-termiczna-nowy-design-nowosc-z-grawerem-idealna-na-wycieczki-prezent-600-ml-upominkiok-5-1024x1024.jpg 1024w, https:\/\/upominkiok.pl\/wp-content\/uploads\/2024\/09\/elegancka-butelka-stalowa-termiczna-nowy-design-nowosc-z-grawerem-idealna-na-wycieczki-prezent-600-ml-upominkiok-5-366x366.jpg 366w, https:\/\/upominkiok.pl\/wp-content\/uploads\/2024\/09\/elegancka-butelka-stalowa-termiczna-nowy-design-nowosc-z-grawerem-idealna-na-wycieczki-prezent-600-ml-upominkiok-5-100x100.jpg 100w, https:\/\/upominkiok.pl\/wp-content\/uploads\/2024\/09\/elegancka-butelka-stalowa-termiczna-nowy-design-nowosc-z-grawerem-idealna-na-wycieczki-prezent-600-ml-upominkiok-5-600x600.jpg 600w, https:\/\/upominkiok.pl\/wp-content\/uploads\/2024\/09\/elegancka-butelka-stalowa-termiczna-nowy-design-nowosc-z-grawerem-idealna-na-wycieczki-prezent-600-ml-upominkiok-5-300x300.jpg 300w, https:\/\/upominkiok.pl\/wp-content\/uploads\/2024\/09\/elegancka-butelka-stalowa-termiczna-nowy-design-nowosc-z-grawerem-idealna-na-wycieczki-prezent-600-ml-upominkiok-5-150x150.jpg 150w, https:\/\/upominkiok.pl\/wp-content\/uploads\/2024\/09\/elegancka-butelka-stalowa-termiczna-nowy-design-nowosc-z-grawerem-idealna-na-wycieczki-prezent-600-ml-upominkiok-5-768x768.jpg 768w, https:\/\/upominkiok.pl\/wp-content\/uploads\/2024\/09\/elegancka-butelka-stalowa-termiczna-nowy-design-nowosc-z-grawerem-idealna-na-wycieczki-prezent-600-ml-upominkiok-5-1x1.jpg 1w, https:\/\/upominkiok.pl\/wp-content\/uploads\/2024\/09\/elegancka-butelka-stalowa-termiczna-nowy-design-nowosc-z-grawerem-idealna-na-wycieczki-prezent-600-ml-upominkiok-5-10x10.jpg 10w, https:\/\/upominkiok.pl\/wp-content\/uploads\/2024\/09\/elegancka-butelka-stalowa-termiczna-nowy-design-nowosc-z-grawerem-idealna-na-wycieczki-prezent-600-ml-upominkiok-5.jpg 1181w\" sizes=\"auto, (max-width: 1024px) 100vw, 1024px\" \/>\t\t\t\t\t\t\t\t\t\t\t\t\t\t\t<\/div>\n\t\t\t\t<\/div>\n\t\t\t\t\t<\/div>\n\t\t<\/div>\n\t\t\t\t\t<\/div>\n\t\t<\/section>\n\t\t\t\t<\/div>\n\t\t","protected":false},"excerpt":{"rendered":"<p>Elegancka butelka wykonana ze stali nierdzewnej o pojemno\u015bci 600 ml, z zakr\u0119canym korkiem zapewniaj\u0105cym szczelno\u015b\u0107 i do\u0142\u0105czonym sznureczkiem u\u0142atwiaj\u0105cym przenoszenie, pakowana w kartonik.<\/p>\n","protected":false},"featured_media":6162,"comment_status":"closed","ping_status":"closed","template":"","meta":[],"etheme_brands":[],"product_brand":[],"product_cat":[52,40],"product_tag":[],"class_list":{"0":"post-6156","1":"product","2":"type-product","3":"status-publish","4":"has-post-thumbnail","6":"product_cat-butelki","7":"product_cat-upominki-firmowe","9":"first","10":"instock","11":"taxable","12":"shipping-taxable","13":"purchasable","14":"product-type-simple"},"_links":{"self":[{"href":"https:\/\/upominkiok.pl\/index.php?rest_route=\/wp\/v2\/product\/6156","targetHints":{"allow":["GET"]}}],"collection":[{"href":"https:\/\/upominkiok.pl\/index.php?rest_route=\/wp\/v2\/product"}],"about":[{"href":"https:\/\/upominkiok.pl\/index.php?rest_route=\/wp\/v2\/types\/product"}],"replies":[{"embeddable":true,"href":"https:\/\/upominkiok.pl\/index.php?rest_route=%2Fwp%2Fv2%2Fcomments&post=6156"}],"version-history":[{"count":5,"href":"https:\/\/upominkiok.pl\/index.php?rest_route=\/wp\/v2\/product\/6156\/revisions"}],"predecessor-version":[{"id":6169,"href":"https:\/\/upominkiok.pl\/index.php?rest_route=\/wp\/v2\/product\/6156\/revisions\/6169"}],"wp:featuredmedia":[{"embeddable":true,"href":"https:\/\/upominkiok.pl\/index.php?rest_route=\/wp\/v2\/media\/6162"}],"wp:attachment":[{"href":"https:\/\/upominkiok.pl\/index.php?rest_route=%2Fwp%2Fv2%2Fmedia&parent=6156"}],"wp:term":[{"taxonomy":"brand","embeddable":true,"href":"https:\/\/upominkiok.pl\/index.php?rest_route=%2Fwp%2Fv2%2Fetheme_brands&post=6156"},{"taxonomy":"product_brand","embeddable":true,"href":"https:\/\/upominkiok.pl\/index.php?rest_route=%2Fwp%2Fv2%2Fproduct_brand&post=6156"},{"taxonomy":"product_cat","embeddable":true,"href":"https:\/\/upominkiok.pl\/index.php?rest_route=%2Fwp%2Fv2%2Fproduct_cat&post=6156"},{"taxonomy":"product_tag","embeddable":true,"href":"https:\/\/upominkiok.pl\/index.php?rest_route=%2Fwp%2Fv2%2Fproduct_tag&post=6156"}],"curies":[{"name":"wp","href":"https:\/\/api.w.org\/{rel}","templated":true}]}}