{"id":6221,"date":"2024-09-10T07:26:14","date_gmt":"2024-09-10T05:26:14","guid":{"rendered":"http:\/\/upominkiok.pl\/?post_type=product&#038;p=6221"},"modified":"2024-09-10T07:30:13","modified_gmt":"2024-09-10T05:30:13","slug":"mini-termos-350ml","status":"publish","type":"product","link":"https:\/\/upominkiok.pl\/?product=mini-termos-350ml","title":{"rendered":"Mini Termos 350ml"},"content":{"rendered":"\t\t<div data-elementor-type=\"wp-post\" data-elementor-id=\"6221\" class=\"elementor elementor-6221\" data-elementor-post-type=\"product\">\n\t\t\t\t\t\t<section class=\"elementor-section elementor-top-section elementor-element elementor-element-77c9109 elementor-section-content-top elementor-section-boxed elementor-section-height-default elementor-section-height-default\" data-id=\"77c9109\" data-element_type=\"section\">\n\t\t\t\t\t\t<div class=\"elementor-container elementor-column-gap-custom\">\n\t\t\t\t\t<div class=\"elementor-column elementor-col-50 elementor-top-column elementor-element elementor-element-4e6c717\" data-id=\"4e6c717\" data-element_type=\"column\">\n\t\t\t<div class=\"elementor-widget-wrap elementor-element-populated\">\n\t\t\t\t\t\t<div class=\"elementor-element elementor-element-677f358 elementor-widget elementor-widget-heading\" data-id=\"677f358\" data-element_type=\"widget\" data-widget_type=\"heading.default\">\n\t\t\t\t<div class=\"elementor-widget-container\">\n\t\t\t\t\t<h2 class=\"elementor-heading-title elementor-size-default\">Mini Termos 350ml<\/h2>\t\t\t\t<\/div>\n\t\t\t\t<\/div>\n\t\t\t\t<div class=\"elementor-element elementor-element-79687b6 elementor-widget__width-initial elementor-widget elementor-widget-text-editor\" data-id=\"79687b6\" data-element_type=\"widget\" data-widget_type=\"text-editor.default\">\n\t\t\t\t<div class=\"elementor-widget-container\">\n\t\t\t\t\t\t\t\t\t<p>Termos o wymiarach \u2300 67 x 205 mm to praktyczny i stylowy produkt, kt\u00f3ry sprawdzi si\u0119 w ka\u017cdej sytuacji \u2013 od codziennych wyj\u015b\u0107, po d\u0142u\u017csze wycieczki.<\/p><p>Dzi\u0119ki pr\u00f3\u017cni mi\u0119dzy \u015bciankami termos utrzymuje temperatur\u0119 napoj\u00f3w nawet do 12 godzin, co pozwala cieszy\u0107 si\u0119 ciep\u0142\u0105 kaw\u0105 czy zimnym napojem przez d\u0142u\u017cszy czas. Wykonany ze stali nierdzewnej o podwy\u017cszonym standardzie, gwarantuje trwa\u0142o\u015b\u0107 i odporno\u015b\u0107 na uszkodzenia.<\/p><p>Mo\u017cliwo\u015b\u0107 grawerowania sprawia, \u017ce termos mo\u017ce sta\u0107 si\u0119 spersonalizowanym prezentem lub wyj\u0105tkowym gad\u017cetem promocyjnym.<\/p>\t\t\t\t\t\t\t\t<\/div>\n\t\t\t\t<\/div>\n\t\t\t\t\t<\/div>\n\t\t<\/div>\n\t\t\t\t<div class=\"elementor-column elementor-col-50 elementor-top-column elementor-element elementor-element-67ea4a5\" data-id=\"67ea4a5\" data-element_type=\"column\">\n\t\t\t<div class=\"elementor-widget-wrap elementor-element-populated\">\n\t\t\t\t\t\t<div class=\"elementor-element elementor-element-ab1e6aa elementor-widget elementor-widget-image\" data-id=\"ab1e6aa\" data-element_type=\"widget\" data-widget_type=\"image.default\">\n\t\t\t\t<div class=\"elementor-widget-container\">\n\t\t\t\t\t\t\t\t\t\t\t\t\t\t\t<img loading=\"lazy\" loading=\"lazy\" decoding=\"async\" width=\"1024\" height=\"1024\" src=\"https:\/\/upominkiok.pl\/wp-content\/uploads\/2024\/09\/niewielki-poreczny-termos-ze-stali-nierdzewnej-350ml-z-grawerem-upominkiok-2-1024x1024.jpg\" class=\"attachment-large size-large wp-image-6224\" alt=\"\" srcset=\"https:\/\/upominkiok.pl\/wp-content\/uploads\/2024\/09\/niewielki-poreczny-termos-ze-stali-nierdzewnej-350ml-z-grawerem-upominkiok-2-1024x1024.jpg 1024w, https:\/\/upominkiok.pl\/wp-content\/uploads\/2024\/09\/niewielki-poreczny-termos-ze-stali-nierdzewnej-350ml-z-grawerem-upominkiok-2-366x366.jpg 366w, https:\/\/upominkiok.pl\/wp-content\/uploads\/2024\/09\/niewielki-poreczny-termos-ze-stali-nierdzewnej-350ml-z-grawerem-upominkiok-2-100x100.jpg 100w, https:\/\/upominkiok.pl\/wp-content\/uploads\/2024\/09\/niewielki-poreczny-termos-ze-stali-nierdzewnej-350ml-z-grawerem-upominkiok-2-600x600.jpg 600w, https:\/\/upominkiok.pl\/wp-content\/uploads\/2024\/09\/niewielki-poreczny-termos-ze-stali-nierdzewnej-350ml-z-grawerem-upominkiok-2-300x300.jpg 300w, https:\/\/upominkiok.pl\/wp-content\/uploads\/2024\/09\/niewielki-poreczny-termos-ze-stali-nierdzewnej-350ml-z-grawerem-upominkiok-2-150x150.jpg 150w, https:\/\/upominkiok.pl\/wp-content\/uploads\/2024\/09\/niewielki-poreczny-termos-ze-stali-nierdzewnej-350ml-z-grawerem-upominkiok-2-768x768.jpg 768w, https:\/\/upominkiok.pl\/wp-content\/uploads\/2024\/09\/niewielki-poreczny-termos-ze-stali-nierdzewnej-350ml-z-grawerem-upominkiok-2-1x1.jpg 1w, https:\/\/upominkiok.pl\/wp-content\/uploads\/2024\/09\/niewielki-poreczny-termos-ze-stali-nierdzewnej-350ml-z-grawerem-upominkiok-2-10x10.jpg 10w, https:\/\/upominkiok.pl\/wp-content\/uploads\/2024\/09\/niewielki-poreczny-termos-ze-stali-nierdzewnej-350ml-z-grawerem-upominkiok-2.jpg 1181w\" sizes=\"auto, (max-width: 1024px) 100vw, 1024px\" \/>\t\t\t\t\t\t\t\t\t\t\t\t\t\t\t<\/div>\n\t\t\t\t<\/div>\n\t\t\t\t\t<\/div>\n\t\t<\/div>\n\t\t\t\t\t<\/div>\n\t\t<\/section>\n\t\t\t\t<\/div>\n\t\t","protected":false},"excerpt":{"rendered":"<p>Termos wykonany z wysokiej jako\u015bci stali nierdzewnej utrzymuje temperatur\u0119 napoju do 12 godzin, dzi\u0119ki izolacji pr\u00f3\u017cniowej.<\/p>\n","protected":false},"featured_media":6223,"comment_status":"closed","ping_status":"closed","template":"","meta":[],"etheme_brands":[],"product_brand":[],"product_cat":[66,40],"product_tag":[],"class_list":{"0":"post-6221","1":"product","2":"type-product","3":"status-publish","4":"has-post-thumbnail","6":"product_cat-termosy","7":"product_cat-upominki-firmowe","9":"first","10":"instock","11":"taxable","12":"shipping-taxable","13":"purchasable","14":"product-type-simple"},"_links":{"self":[{"href":"https:\/\/upominkiok.pl\/index.php?rest_route=\/wp\/v2\/product\/6221","targetHints":{"allow":["GET"]}}],"collection":[{"href":"https:\/\/upominkiok.pl\/index.php?rest_route=\/wp\/v2\/product"}],"about":[{"href":"https:\/\/upominkiok.pl\/index.php?rest_route=\/wp\/v2\/types\/product"}],"replies":[{"embeddable":true,"href":"https:\/\/upominkiok.pl\/index.php?rest_route=%2Fwp%2Fv2%2Fcomments&post=6221"}],"version-history":[{"count":4,"href":"https:\/\/upominkiok.pl\/index.php?rest_route=\/wp\/v2\/product\/6221\/revisions"}],"predecessor-version":[{"id":6228,"href":"https:\/\/upominkiok.pl\/index.php?rest_route=\/wp\/v2\/product\/6221\/revisions\/6228"}],"wp:featuredmedia":[{"embeddable":true,"href":"https:\/\/upominkiok.pl\/index.php?rest_route=\/wp\/v2\/media\/6223"}],"wp:attachment":[{"href":"https:\/\/upominkiok.pl\/index.php?rest_route=%2Fwp%2Fv2%2Fmedia&parent=6221"}],"wp:term":[{"taxonomy":"brand","embeddable":true,"href":"https:\/\/upominkiok.pl\/index.php?rest_route=%2Fwp%2Fv2%2Fetheme_brands&post=6221"},{"taxonomy":"product_brand","embeddable":true,"href":"https:\/\/upominkiok.pl\/index.php?rest_route=%2Fwp%2Fv2%2Fproduct_brand&post=6221"},{"taxonomy":"product_cat","embeddable":true,"href":"https:\/\/upominkiok.pl\/index.php?rest_route=%2Fwp%2Fv2%2Fproduct_cat&post=6221"},{"taxonomy":"product_tag","embeddable":true,"href":"https:\/\/upominkiok.pl\/index.php?rest_route=%2Fwp%2Fv2%2Fproduct_tag&post=6221"}],"curies":[{"name":"wp","href":"https:\/\/api.w.org\/{rel}","templated":true}]}}