{"id":6262,"date":"2024-09-10T13:52:55","date_gmt":"2024-09-10T11:52:55","guid":{"rendered":"http:\/\/upominkiok.pl\/?post_type=product&#038;p=6262"},"modified":"2024-09-10T14:00:50","modified_gmt":"2024-09-10T12:00:50","slug":"korkowa-teczka-konferencyjna","status":"publish","type":"product","link":"https:\/\/upominkiok.pl\/?product=korkowa-teczka-konferencyjna","title":{"rendered":"Korkowa Teczka Konferencyjna A4"},"content":{"rendered":"\t\t<div data-elementor-type=\"wp-post\" data-elementor-id=\"6262\" class=\"elementor elementor-6262\" data-elementor-post-type=\"product\">\n\t\t\t\t\t\t<section class=\"elementor-section elementor-top-section elementor-element elementor-element-77c9109 elementor-section-content-top elementor-section-boxed elementor-section-height-default elementor-section-height-default\" data-id=\"77c9109\" data-element_type=\"section\">\n\t\t\t\t\t\t<div class=\"elementor-container elementor-column-gap-custom\">\n\t\t\t\t\t<div class=\"elementor-column elementor-col-50 elementor-top-column elementor-element elementor-element-4e6c717\" data-id=\"4e6c717\" data-element_type=\"column\">\n\t\t\t<div class=\"elementor-widget-wrap elementor-element-populated\">\n\t\t\t\t\t\t<div class=\"elementor-element elementor-element-677f358 elementor-widget elementor-widget-heading\" data-id=\"677f358\" data-element_type=\"widget\" data-widget_type=\"heading.default\">\n\t\t\t\t<div class=\"elementor-widget-container\">\n\t\t\t\t\t<h2 class=\"elementor-heading-title elementor-size-default\">Korkowa Teczka Konferencyjna A4<\/h2>\t\t\t\t<\/div>\n\t\t\t\t<\/div>\n\t\t\t\t<div class=\"elementor-element elementor-element-79687b6 elementor-widget__width-initial elementor-widget elementor-widget-text-editor\" data-id=\"79687b6\" data-element_type=\"widget\" data-widget_type=\"text-editor.default\">\n\t\t\t\t<div class=\"elementor-widget-container\">\n\t\t\t\t\t\t\t\t\t<p>Korkowa teczka A4 z notatnikiem to eleganckie i funkcjonalne rozwi\u0105zanie do przechowywania dokument\u00f3w i notatek.<\/p><p>Wykonana z naturalnego korka, przyci\u0105ga uwag\u0119 swoim ekologicznym designem, a jej praktyczno\u015b\u0107 podkre\u015blaj\u0105 dodatkowe kieszenie \u2013 jedna du\u017ca na dokumenty oraz dwie mniejsze na drobne akcesoria. Miejsce na d\u0142ugopis sprawia, \u017ce wszystkie niezb\u0119dne elementy s\u0105 zawsze pod r\u0119k\u0105. Teczka zamykana jest na gumk\u0119 z metalowym elementem, co dodaje jej nowoczesnego wygl\u0105du.<\/p><p>Produkt zapakowany w elegancki woreczek non-woven, idealnie nadaje si\u0119 na prezent, a mo\u017cliwo\u015b\u0107 grawerowania czyni go jeszcze bardziej unikalnym.<\/p><p>Wymiary: 245 x 310 x 17 mm.<\/p>\t\t\t\t\t\t\t\t<\/div>\n\t\t\t\t<\/div>\n\t\t\t\t\t<\/div>\n\t\t<\/div>\n\t\t\t\t<div class=\"elementor-column elementor-col-50 elementor-top-column elementor-element elementor-element-67ea4a5\" data-id=\"67ea4a5\" data-element_type=\"column\">\n\t\t\t<div class=\"elementor-widget-wrap elementor-element-populated\">\n\t\t\t\t\t\t<div class=\"elementor-element elementor-element-ab1e6aa elementor-widget elementor-widget-image\" data-id=\"ab1e6aa\" data-element_type=\"widget\" data-widget_type=\"image.default\">\n\t\t\t\t<div class=\"elementor-widget-container\">\n\t\t\t\t\t\t\t\t\t\t\t\t\t\t\t<img loading=\"lazy\" loading=\"lazy\" decoding=\"async\" width=\"1024\" height=\"1024\" src=\"https:\/\/upominkiok.pl\/wp-content\/uploads\/2024\/09\/uzyteczna-teczka-konferencyjna-korek-grawer-logo-firmowe-laserem-upominkiok-4-1024x1024.jpg\" class=\"attachment-large size-large wp-image-6265\" alt=\"\" srcset=\"https:\/\/upominkiok.pl\/wp-content\/uploads\/2024\/09\/uzyteczna-teczka-konferencyjna-korek-grawer-logo-firmowe-laserem-upominkiok-4-1024x1024.jpg 1024w, https:\/\/upominkiok.pl\/wp-content\/uploads\/2024\/09\/uzyteczna-teczka-konferencyjna-korek-grawer-logo-firmowe-laserem-upominkiok-4-366x366.jpg 366w, https:\/\/upominkiok.pl\/wp-content\/uploads\/2024\/09\/uzyteczna-teczka-konferencyjna-korek-grawer-logo-firmowe-laserem-upominkiok-4-100x100.jpg 100w, https:\/\/upominkiok.pl\/wp-content\/uploads\/2024\/09\/uzyteczna-teczka-konferencyjna-korek-grawer-logo-firmowe-laserem-upominkiok-4-600x600.jpg 600w, https:\/\/upominkiok.pl\/wp-content\/uploads\/2024\/09\/uzyteczna-teczka-konferencyjna-korek-grawer-logo-firmowe-laserem-upominkiok-4-300x300.jpg 300w, https:\/\/upominkiok.pl\/wp-content\/uploads\/2024\/09\/uzyteczna-teczka-konferencyjna-korek-grawer-logo-firmowe-laserem-upominkiok-4-150x150.jpg 150w, https:\/\/upominkiok.pl\/wp-content\/uploads\/2024\/09\/uzyteczna-teczka-konferencyjna-korek-grawer-logo-firmowe-laserem-upominkiok-4-768x768.jpg 768w, https:\/\/upominkiok.pl\/wp-content\/uploads\/2024\/09\/uzyteczna-teczka-konferencyjna-korek-grawer-logo-firmowe-laserem-upominkiok-4-1x1.jpg 1w, https:\/\/upominkiok.pl\/wp-content\/uploads\/2024\/09\/uzyteczna-teczka-konferencyjna-korek-grawer-logo-firmowe-laserem-upominkiok-4-10x10.jpg 10w, https:\/\/upominkiok.pl\/wp-content\/uploads\/2024\/09\/uzyteczna-teczka-konferencyjna-korek-grawer-logo-firmowe-laserem-upominkiok-4.jpg 1181w\" sizes=\"auto, (max-width: 1024px) 100vw, 1024px\" \/>\t\t\t\t\t\t\t\t\t\t\t\t\t\t\t<\/div>\n\t\t\t\t<\/div>\n\t\t\t\t\t<\/div>\n\t\t<\/div>\n\t\t\t\t\t<\/div>\n\t\t<\/section>\n\t\t\t\t<\/div>\n\t\t","protected":false},"excerpt":{"rendered":"<p>Korkowa teczka A4 z notatnikiem, zamykana na gumk\u0119 z metalowym elementem, posiada du\u017c\u0105 kiesze\u0144 na dokumenty, dwie mniejsze kieszonki i miejsce na d\u0142ugopis.<\/p>\n","protected":false},"featured_media":6263,"comment_status":"closed","ping_status":"closed","template":"","meta":[],"etheme_brands":[],"product_brand":[],"product_cat":[71,40],"product_tag":[],"class_list":{"0":"post-6262","1":"product","2":"type-product","3":"status-publish","4":"has-post-thumbnail","6":"product_cat-artykuly-papiernicze","7":"product_cat-upominki-firmowe","9":"first","10":"instock","11":"taxable","12":"shipping-taxable","13":"purchasable","14":"product-type-simple"},"_links":{"self":[{"href":"https:\/\/upominkiok.pl\/index.php?rest_route=\/wp\/v2\/product\/6262","targetHints":{"allow":["GET"]}}],"collection":[{"href":"https:\/\/upominkiok.pl\/index.php?rest_route=\/wp\/v2\/product"}],"about":[{"href":"https:\/\/upominkiok.pl\/index.php?rest_route=\/wp\/v2\/types\/product"}],"replies":[{"embeddable":true,"href":"https:\/\/upominkiok.pl\/index.php?rest_route=%2Fwp%2Fv2%2Fcomments&post=6262"}],"version-history":[{"count":8,"href":"https:\/\/upominkiok.pl\/index.php?rest_route=\/wp\/v2\/product\/6262\/revisions"}],"predecessor-version":[{"id":6275,"href":"https:\/\/upominkiok.pl\/index.php?rest_route=\/wp\/v2\/product\/6262\/revisions\/6275"}],"wp:featuredmedia":[{"embeddable":true,"href":"https:\/\/upominkiok.pl\/index.php?rest_route=\/wp\/v2\/media\/6263"}],"wp:attachment":[{"href":"https:\/\/upominkiok.pl\/index.php?rest_route=%2Fwp%2Fv2%2Fmedia&parent=6262"}],"wp:term":[{"taxonomy":"brand","embeddable":true,"href":"https:\/\/upominkiok.pl\/index.php?rest_route=%2Fwp%2Fv2%2Fetheme_brands&post=6262"},{"taxonomy":"product_brand","embeddable":true,"href":"https:\/\/upominkiok.pl\/index.php?rest_route=%2Fwp%2Fv2%2Fproduct_brand&post=6262"},{"taxonomy":"product_cat","embeddable":true,"href":"https:\/\/upominkiok.pl\/index.php?rest_route=%2Fwp%2Fv2%2Fproduct_cat&post=6262"},{"taxonomy":"product_tag","embeddable":true,"href":"https:\/\/upominkiok.pl\/index.php?rest_route=%2Fwp%2Fv2%2Fproduct_tag&post=6262"}],"curies":[{"name":"wp","href":"https:\/\/api.w.org\/{rel}","templated":true}]}}