{"id":6371,"date":"2024-09-11T07:04:01","date_gmt":"2024-09-11T05:04:01","guid":{"rendered":"http:\/\/upominkiok.pl\/?post_type=product&#038;p=6371"},"modified":"2024-09-11T07:16:07","modified_gmt":"2024-09-11T05:16:07","slug":"deska-do-serow-z-ceramiczna-podstawka","status":"publish","type":"product","link":"https:\/\/upominkiok.pl\/?product=deska-do-serow-z-ceramiczna-podstawka","title":{"rendered":"Deska do Ser\u00f3w z Ceramiczn\u0105 Podstawk\u0105"},"content":{"rendered":"\t\t<div data-elementor-type=\"wp-post\" data-elementor-id=\"6371\" class=\"elementor elementor-6371\" data-elementor-post-type=\"product\">\n\t\t\t\t\t\t<section class=\"elementor-section elementor-top-section elementor-element elementor-element-77c9109 elementor-section-content-top elementor-section-boxed elementor-section-height-default elementor-section-height-default\" data-id=\"77c9109\" data-element_type=\"section\">\n\t\t\t\t\t\t<div class=\"elementor-container elementor-column-gap-custom\">\n\t\t\t\t\t<div class=\"elementor-column elementor-col-50 elementor-top-column elementor-element elementor-element-4e6c717\" data-id=\"4e6c717\" data-element_type=\"column\">\n\t\t\t<div class=\"elementor-widget-wrap elementor-element-populated\">\n\t\t\t\t\t\t<div class=\"elementor-element elementor-element-677f358 elementor-widget elementor-widget-heading\" data-id=\"677f358\" data-element_type=\"widget\" data-widget_type=\"heading.default\">\n\t\t\t\t<div class=\"elementor-widget-container\">\n\t\t\t\t\t<h2 class=\"elementor-heading-title elementor-size-default\">Deska do Ser\u00f3w z Ceramiczn\u0105 Podstawk\u0105<\/h2>\t\t\t\t<\/div>\n\t\t\t\t<\/div>\n\t\t\t\t<div class=\"elementor-element elementor-element-79687b6 elementor-widget__width-initial elementor-widget elementor-widget-text-editor\" data-id=\"79687b6\" data-element_type=\"widget\" data-widget_type=\"text-editor.default\">\n\t\t\t\t<div class=\"elementor-widget-container\">\n\t\t\t\t\t\t\t\t\t<p>Gustowny zestaw do serwowania ser\u00f3w to niezb\u0119dny element ka\u017cdego spotkania przy winie. Sk\u0142ada si\u0119 z eleganckiej bambusowej deski, kt\u00f3ra doskonale eksponuje r\u00f3\u017cne rodzaje ser\u00f3w, ceramicznej podstawki oraz trzech no\u017cyk\u00f3w do krojenia i serwowania. Deska jest idealna zar\u00f3wno do domowych przyj\u0119\u0107, jak i na prezent.<\/p><p>Mo\u017cliwo\u015b\u0107 grawerowania sprawia, \u017ce produkt staje si\u0119 jeszcze bardziej wyj\u0105tkowy i spersonalizowany.<\/p><p>Zestaw zapakowany w estetyczne opakowanie, idealnie nadaje si\u0119 na upominek. Wymiary: \u2300 255 x 24 mm.<\/p>\t\t\t\t\t\t\t\t<\/div>\n\t\t\t\t<\/div>\n\t\t\t\t\t<\/div>\n\t\t<\/div>\n\t\t\t\t<div class=\"elementor-column elementor-col-50 elementor-top-column elementor-element elementor-element-67ea4a5\" data-id=\"67ea4a5\" data-element_type=\"column\">\n\t\t\t<div class=\"elementor-widget-wrap elementor-element-populated\">\n\t\t\t\t\t\t<div class=\"elementor-element elementor-element-ab1e6aa elementor-widget elementor-widget-image\" data-id=\"ab1e6aa\" data-element_type=\"widget\" data-widget_type=\"image.default\">\n\t\t\t\t<div class=\"elementor-widget-container\">\n\t\t\t\t\t\t\t\t\t\t\t\t\t\t\t<img loading=\"lazy\" loading=\"lazy\" decoding=\"async\" width=\"1024\" height=\"1024\" src=\"http:\/\/upominkiok.pl\/wp-content\/uploads\/2024\/09\/deska-do-serwowania-serow-okragla-solidna-z-grawerem-upominkiok-3-1024x1024.jpg\" class=\"attachment-large size-large wp-image-6374\" alt=\"\" srcset=\"http:\/\/upominkiok.pl\/wp-content\/uploads\/2024\/09\/deska-do-serwowania-serow-okragla-solidna-z-grawerem-upominkiok-3-1024x1024.jpg 1024w, http:\/\/upominkiok.pl\/wp-content\/uploads\/2024\/09\/deska-do-serwowania-serow-okragla-solidna-z-grawerem-upominkiok-3-366x366.jpg 366w, http:\/\/upominkiok.pl\/wp-content\/uploads\/2024\/09\/deska-do-serwowania-serow-okragla-solidna-z-grawerem-upominkiok-3-100x100.jpg 100w, http:\/\/upominkiok.pl\/wp-content\/uploads\/2024\/09\/deska-do-serwowania-serow-okragla-solidna-z-grawerem-upominkiok-3-600x600.jpg 600w, http:\/\/upominkiok.pl\/wp-content\/uploads\/2024\/09\/deska-do-serwowania-serow-okragla-solidna-z-grawerem-upominkiok-3-300x300.jpg 300w, http:\/\/upominkiok.pl\/wp-content\/uploads\/2024\/09\/deska-do-serwowania-serow-okragla-solidna-z-grawerem-upominkiok-3-150x150.jpg 150w, http:\/\/upominkiok.pl\/wp-content\/uploads\/2024\/09\/deska-do-serwowania-serow-okragla-solidna-z-grawerem-upominkiok-3-768x768.jpg 768w, http:\/\/upominkiok.pl\/wp-content\/uploads\/2024\/09\/deska-do-serwowania-serow-okragla-solidna-z-grawerem-upominkiok-3-1x1.jpg 1w, http:\/\/upominkiok.pl\/wp-content\/uploads\/2024\/09\/deska-do-serwowania-serow-okragla-solidna-z-grawerem-upominkiok-3-10x10.jpg 10w, http:\/\/upominkiok.pl\/wp-content\/uploads\/2024\/09\/deska-do-serwowania-serow-okragla-solidna-z-grawerem-upominkiok-3.jpg 1181w\" sizes=\"auto, (max-width: 1024px) 100vw, 1024px\" \/>\t\t\t\t\t\t\t\t\t\t\t\t\t\t\t<\/div>\n\t\t\t\t<\/div>\n\t\t\t\t\t<\/div>\n\t\t<\/div>\n\t\t\t\t\t<\/div>\n\t\t<\/section>\n\t\t\t\t<\/div>\n\t\t","protected":false},"excerpt":{"rendered":"<p>Gustowny zestaw do serwowania ser\u00f3w, sk\u0142adaj\u0105cy si\u0119 z bambusowej deski, ceramicznej podstawki i trzech no\u017cyk\u00f3w, idealny na spotkania przy winie.<\/p>\n","protected":false},"featured_media":6375,"comment_status":"closed","ping_status":"closed","template":"","meta":[],"etheme_brands":[],"product_brand":[],"product_cat":[54,40],"product_tag":[],"class_list":{"0":"post-6371","1":"product","2":"type-product","3":"status-publish","4":"has-post-thumbnail","6":"product_cat-zestawy-do-sera","7":"product_cat-upominki-firmowe","9":"first","10":"instock","11":"taxable","12":"shipping-taxable","13":"purchasable","14":"product-type-simple"},"_links":{"self":[{"href":"https:\/\/upominkiok.pl\/index.php?rest_route=\/wp\/v2\/product\/6371","targetHints":{"allow":["GET"]}}],"collection":[{"href":"https:\/\/upominkiok.pl\/index.php?rest_route=\/wp\/v2\/product"}],"about":[{"href":"https:\/\/upominkiok.pl\/index.php?rest_route=\/wp\/v2\/types\/product"}],"replies":[{"embeddable":true,"href":"https:\/\/upominkiok.pl\/index.php?rest_route=%2Fwp%2Fv2%2Fcomments&post=6371"}],"version-history":[{"count":8,"href":"https:\/\/upominkiok.pl\/index.php?rest_route=\/wp\/v2\/product\/6371\/revisions"}],"predecessor-version":[{"id":6397,"href":"https:\/\/upominkiok.pl\/index.php?rest_route=\/wp\/v2\/product\/6371\/revisions\/6397"}],"wp:featuredmedia":[{"embeddable":true,"href":"https:\/\/upominkiok.pl\/index.php?rest_route=\/wp\/v2\/media\/6375"}],"wp:attachment":[{"href":"https:\/\/upominkiok.pl\/index.php?rest_route=%2Fwp%2Fv2%2Fmedia&parent=6371"}],"wp:term":[{"taxonomy":"brand","embeddable":true,"href":"https:\/\/upominkiok.pl\/index.php?rest_route=%2Fwp%2Fv2%2Fetheme_brands&post=6371"},{"taxonomy":"product_brand","embeddable":true,"href":"https:\/\/upominkiok.pl\/index.php?rest_route=%2Fwp%2Fv2%2Fproduct_brand&post=6371"},{"taxonomy":"product_cat","embeddable":true,"href":"https:\/\/upominkiok.pl\/index.php?rest_route=%2Fwp%2Fv2%2Fproduct_cat&post=6371"},{"taxonomy":"product_tag","embeddable":true,"href":"https:\/\/upominkiok.pl\/index.php?rest_route=%2Fwp%2Fv2%2Fproduct_tag&post=6371"}],"curies":[{"name":"wp","href":"https:\/\/api.w.org\/{rel}","templated":true}]}}