{"id":6398,"date":"2024-09-11T07:17:23","date_gmt":"2024-09-11T05:17:23","guid":{"rendered":"http:\/\/upominkiok.pl\/?post_type=product&#038;p=6398"},"modified":"2024-09-11T07:21:08","modified_gmt":"2024-09-11T05:21:08","slug":"bambusowa-deska-do-serow-z-nozami","status":"publish","type":"product","link":"https:\/\/upominkiok.pl\/?product=bambusowa-deska-do-serow-z-nozami","title":{"rendered":"Bambusowa Deska do Ser\u00f3w z No\u017cami"},"content":{"rendered":"\t\t<div data-elementor-type=\"wp-post\" data-elementor-id=\"6398\" class=\"elementor elementor-6398\" data-elementor-post-type=\"product\">\n\t\t\t\t\t\t<section class=\"elementor-section elementor-top-section elementor-element elementor-element-77c9109 elementor-section-content-top elementor-section-boxed elementor-section-height-default elementor-section-height-default\" data-id=\"77c9109\" data-element_type=\"section\">\n\t\t\t\t\t\t<div class=\"elementor-container elementor-column-gap-custom\">\n\t\t\t\t\t<div class=\"elementor-column elementor-col-50 elementor-top-column elementor-element elementor-element-4e6c717\" data-id=\"4e6c717\" data-element_type=\"column\">\n\t\t\t<div class=\"elementor-widget-wrap elementor-element-populated\">\n\t\t\t\t\t\t<div class=\"elementor-element elementor-element-677f358 elementor-widget elementor-widget-heading\" data-id=\"677f358\" data-element_type=\"widget\" data-widget_type=\"heading.default\">\n\t\t\t\t<div class=\"elementor-widget-container\">\n\t\t\t\t\t<h2 class=\"elementor-heading-title elementor-size-default\">Bambusowa Deska do Ser\u00f3w z No\u017cami<\/h2>\t\t\t\t<\/div>\n\t\t\t\t<\/div>\n\t\t\t\t<div class=\"elementor-element elementor-element-79687b6 elementor-widget__width-initial elementor-widget elementor-widget-text-editor\" data-id=\"79687b6\" data-element_type=\"widget\" data-widget_type=\"text-editor.default\">\n\t\t\t\t<div class=\"elementor-widget-container\">\n\t\t\t\t\t\t\t\t\t<p>Deska do ser\u00f3w z bambusa to idealne rozwi\u0105zanie dla mi\u0142o\u015bnik\u00f3w francuskich ser\u00f3w, \u0142\u0105cz\u0105ce funkcjonalno\u015b\u0107 z elegancj\u0105. Dzi\u0119ki sprytnie ukrytym w desce trzem no\u017cykom, ka\u017cdy ser mo\u017cna \u0142atwo i estetycznie pokroi\u0107 oraz serwowa\u0107.<\/p><p>Wykonana z trwa\u0142ego bambusa, deska jest nie tylko praktyczna, ale r\u00f3wnie\u017c stylowa, doskonale wpisuj\u0105c si\u0119 w nowoczesne wn\u0119trza.<\/p><p>Jej kompaktowe wymiary 140 x 300 x 31 mm sprawiaj\u0105, \u017ce jest idealna do ka\u017cdej kuchni i na ka\u017cde przyj\u0119cie.<\/p><p>Deska jest r\u00f3wnie\u017c dost\u0119pna do personalizacji, co czyni j\u0105 doskona\u0142ym prezentem dla ka\u017cdego konesera ser\u00f3w.<\/p><p>Pakowana w estetyczne opakowanie, gotowa do wr\u0119czenia jako wyj\u0105tkowy podarunek.<\/p>\t\t\t\t\t\t\t\t<\/div>\n\t\t\t\t<\/div>\n\t\t\t\t\t<\/div>\n\t\t<\/div>\n\t\t\t\t<div class=\"elementor-column elementor-col-50 elementor-top-column elementor-element elementor-element-67ea4a5\" data-id=\"67ea4a5\" data-element_type=\"column\">\n\t\t\t<div class=\"elementor-widget-wrap elementor-element-populated\">\n\t\t\t\t\t\t<div class=\"elementor-element elementor-element-ab1e6aa elementor-widget elementor-widget-image\" data-id=\"ab1e6aa\" data-element_type=\"widget\" data-widget_type=\"image.default\">\n\t\t\t\t<div class=\"elementor-widget-container\">\n\t\t\t\t\t\t\t\t\t\t\t\t\t\t\t<img loading=\"lazy\" loading=\"lazy\" decoding=\"async\" width=\"1024\" height=\"1024\" src=\"https:\/\/upominkiok.pl\/wp-content\/uploads\/2024\/09\/bambusowa-deska-do-serow-z-nozami-z-grawerem-personalizowana-upominkiok-4-1024x1024.jpg\" class=\"attachment-large size-large wp-image-6400\" alt=\"\" srcset=\"https:\/\/upominkiok.pl\/wp-content\/uploads\/2024\/09\/bambusowa-deska-do-serow-z-nozami-z-grawerem-personalizowana-upominkiok-4-1024x1024.jpg 1024w, https:\/\/upominkiok.pl\/wp-content\/uploads\/2024\/09\/bambusowa-deska-do-serow-z-nozami-z-grawerem-personalizowana-upominkiok-4-366x366.jpg 366w, https:\/\/upominkiok.pl\/wp-content\/uploads\/2024\/09\/bambusowa-deska-do-serow-z-nozami-z-grawerem-personalizowana-upominkiok-4-100x100.jpg 100w, https:\/\/upominkiok.pl\/wp-content\/uploads\/2024\/09\/bambusowa-deska-do-serow-z-nozami-z-grawerem-personalizowana-upominkiok-4-600x600.jpg 600w, https:\/\/upominkiok.pl\/wp-content\/uploads\/2024\/09\/bambusowa-deska-do-serow-z-nozami-z-grawerem-personalizowana-upominkiok-4-300x300.jpg 300w, https:\/\/upominkiok.pl\/wp-content\/uploads\/2024\/09\/bambusowa-deska-do-serow-z-nozami-z-grawerem-personalizowana-upominkiok-4-150x150.jpg 150w, https:\/\/upominkiok.pl\/wp-content\/uploads\/2024\/09\/bambusowa-deska-do-serow-z-nozami-z-grawerem-personalizowana-upominkiok-4-768x768.jpg 768w, https:\/\/upominkiok.pl\/wp-content\/uploads\/2024\/09\/bambusowa-deska-do-serow-z-nozami-z-grawerem-personalizowana-upominkiok-4-1x1.jpg 1w, https:\/\/upominkiok.pl\/wp-content\/uploads\/2024\/09\/bambusowa-deska-do-serow-z-nozami-z-grawerem-personalizowana-upominkiok-4-10x10.jpg 10w, https:\/\/upominkiok.pl\/wp-content\/uploads\/2024\/09\/bambusowa-deska-do-serow-z-nozami-z-grawerem-personalizowana-upominkiok-4.jpg 1181w\" sizes=\"auto, (max-width: 1024px) 100vw, 1024px\" \/>\t\t\t\t\t\t\t\t\t\t\t\t\t\t\t<\/div>\n\t\t\t\t<\/div>\n\t\t\t\t\t<\/div>\n\t\t<\/div>\n\t\t\t\t\t<\/div>\n\t\t<\/section>\n\t\t\t\t<\/div>\n\t\t","protected":false},"excerpt":{"rendered":"<p>Dla mi\u0142o\u015bnik\u00f3w francuskich ser\u00f3w, bambusowa deska z ukrytymi trzema no\u017cykami to niezb\u0119dne akcesorium, kt\u00f3re idealnie sprawdzi si\u0119 przy serwowaniu r\u00f3\u017cnych rodzaj\u00f3w ser\u00f3w.<\/p>\n","protected":false},"featured_media":6402,"comment_status":"closed","ping_status":"closed","template":"","meta":[],"etheme_brands":[],"product_brand":[],"product_cat":[54,40],"product_tag":[],"class_list":{"0":"post-6398","1":"product","2":"type-product","3":"status-publish","4":"has-post-thumbnail","6":"product_cat-zestawy-do-sera","7":"product_cat-upominki-firmowe","9":"first","10":"instock","11":"taxable","12":"shipping-taxable","13":"purchasable","14":"product-type-simple"},"_links":{"self":[{"href":"https:\/\/upominkiok.pl\/index.php?rest_route=\/wp\/v2\/product\/6398","targetHints":{"allow":["GET"]}}],"collection":[{"href":"https:\/\/upominkiok.pl\/index.php?rest_route=\/wp\/v2\/product"}],"about":[{"href":"https:\/\/upominkiok.pl\/index.php?rest_route=\/wp\/v2\/types\/product"}],"replies":[{"embeddable":true,"href":"https:\/\/upominkiok.pl\/index.php?rest_route=%2Fwp%2Fv2%2Fcomments&post=6398"}],"version-history":[{"count":4,"href":"https:\/\/upominkiok.pl\/index.php?rest_route=\/wp\/v2\/product\/6398\/revisions"}],"predecessor-version":[{"id":6408,"href":"https:\/\/upominkiok.pl\/index.php?rest_route=\/wp\/v2\/product\/6398\/revisions\/6408"}],"wp:featuredmedia":[{"embeddable":true,"href":"https:\/\/upominkiok.pl\/index.php?rest_route=\/wp\/v2\/media\/6402"}],"wp:attachment":[{"href":"https:\/\/upominkiok.pl\/index.php?rest_route=%2Fwp%2Fv2%2Fmedia&parent=6398"}],"wp:term":[{"taxonomy":"brand","embeddable":true,"href":"https:\/\/upominkiok.pl\/index.php?rest_route=%2Fwp%2Fv2%2Fetheme_brands&post=6398"},{"taxonomy":"product_brand","embeddable":true,"href":"https:\/\/upominkiok.pl\/index.php?rest_route=%2Fwp%2Fv2%2Fproduct_brand&post=6398"},{"taxonomy":"product_cat","embeddable":true,"href":"https:\/\/upominkiok.pl\/index.php?rest_route=%2Fwp%2Fv2%2Fproduct_cat&post=6398"},{"taxonomy":"product_tag","embeddable":true,"href":"https:\/\/upominkiok.pl\/index.php?rest_route=%2Fwp%2Fv2%2Fproduct_tag&post=6398"}],"curies":[{"name":"wp","href":"https:\/\/api.w.org\/{rel}","templated":true}]}}