{"id":6431,"date":"2024-09-11T07:38:08","date_gmt":"2024-09-11T05:38:08","guid":{"rendered":"http:\/\/upominkiok.pl\/?post_type=product&#038;p=6431"},"modified":"2024-09-11T07:41:18","modified_gmt":"2024-09-11T05:41:18","slug":"zestaw-nozy-do-sera","status":"publish","type":"product","link":"https:\/\/upominkiok.pl\/?product=zestaw-nozy-do-sera","title":{"rendered":"Zestaw No\u017cy do Sera"},"content":{"rendered":"\t\t<div data-elementor-type=\"wp-post\" data-elementor-id=\"6431\" class=\"elementor elementor-6431\" data-elementor-post-type=\"product\">\n\t\t\t\t\t\t<section class=\"elementor-section elementor-top-section elementor-element elementor-element-77c9109 elementor-section-content-top elementor-section-boxed elementor-section-height-default elementor-section-height-default\" data-id=\"77c9109\" data-element_type=\"section\">\n\t\t\t\t\t\t<div class=\"elementor-container elementor-column-gap-custom\">\n\t\t\t\t\t<div class=\"elementor-column elementor-col-50 elementor-top-column elementor-element elementor-element-4e6c717\" data-id=\"4e6c717\" data-element_type=\"column\">\n\t\t\t<div class=\"elementor-widget-wrap elementor-element-populated\">\n\t\t\t\t\t\t<div class=\"elementor-element elementor-element-677f358 elementor-widget elementor-widget-heading\" data-id=\"677f358\" data-element_type=\"widget\" data-widget_type=\"heading.default\">\n\t\t\t\t<div class=\"elementor-widget-container\">\n\t\t\t\t\t<h2 class=\"elementor-heading-title elementor-size-default\">Zestaw No\u017cy do Sera<\/h2>\t\t\t\t<\/div>\n\t\t\t\t<\/div>\n\t\t\t\t<div class=\"elementor-element elementor-element-79687b6 elementor-widget__width-initial elementor-widget elementor-widget-text-editor\" data-id=\"79687b6\" data-element_type=\"widget\" data-widget_type=\"text-editor.default\">\n\t\t\t\t<div class=\"elementor-widget-container\">\n\t\t\t\t\t\t\t\t\t<p>Zestaw 4 no\u017cy do sera to eleganckie i praktyczne akcesorium, kt\u00f3re ka\u017cdy mi\u0142o\u015bnik ser\u00f3w doceni. Wykonane z wysokiej jako\u015bci stali nierdzewnej, no\u017ce s\u0105 zapakowane w estetyczne, klasyczne papierowe pude\u0142ko, kt\u00f3re nie tylko chroni ich ostrza, ale tak\u017ce sprawia, \u017ce zestaw jest idealnym pomys\u0142em na prezent.<\/p><p>Wewn\u0105trz opakowania znajduje si\u0119 infografika z zdj\u0119ciem i opisem funkcji ka\u017cdego no\u017ca, co u\u0142atwia ich w\u0142a\u015bciwe u\u017cycie. Doskona\u0142e do serwowania r\u00f3\u017cnorodnych ser\u00f3w, te no\u017ce \u0142\u0105cz\u0105 funkcjonalno\u015b\u0107 z elegancj\u0105.<\/p><p>Wymiary opakowania: 260 x 170 x 24 mm. Mo\u017cliwo\u015b\u0107 grawerowania sprawia, \u017ce zestaw mo\u017ce by\u0107 spersonalizowany, co dodatkowo podnosi jego warto\u015b\u0107 jako wyj\u0105tkowego prezentu.<\/p>\t\t\t\t\t\t\t\t<\/div>\n\t\t\t\t<\/div>\n\t\t\t\t\t<\/div>\n\t\t<\/div>\n\t\t\t\t<div class=\"elementor-column elementor-col-50 elementor-top-column elementor-element elementor-element-67ea4a5\" data-id=\"67ea4a5\" data-element_type=\"column\">\n\t\t\t<div class=\"elementor-widget-wrap elementor-element-populated\">\n\t\t\t\t\t\t<div class=\"elementor-element elementor-element-ab1e6aa elementor-widget elementor-widget-image\" data-id=\"ab1e6aa\" data-element_type=\"widget\" data-widget_type=\"image.default\">\n\t\t\t\t<div class=\"elementor-widget-container\">\n\t\t\t\t\t\t\t\t\t\t\t\t\t\t\t<img loading=\"lazy\" loading=\"lazy\" decoding=\"async\" width=\"1024\" height=\"1024\" src=\"https:\/\/upominkiok.pl\/wp-content\/uploads\/2024\/09\/zestaw-czterech-nozy-do-krojenia-sera-kazdy-o-unikalnym-ksztalcie-z-mozliwoscia-graweru-upominkiok-4-1024x1024.jpg\" class=\"attachment-large size-large wp-image-6437\" alt=\"\" srcset=\"https:\/\/upominkiok.pl\/wp-content\/uploads\/2024\/09\/zestaw-czterech-nozy-do-krojenia-sera-kazdy-o-unikalnym-ksztalcie-z-mozliwoscia-graweru-upominkiok-4-1024x1024.jpg 1024w, https:\/\/upominkiok.pl\/wp-content\/uploads\/2024\/09\/zestaw-czterech-nozy-do-krojenia-sera-kazdy-o-unikalnym-ksztalcie-z-mozliwoscia-graweru-upominkiok-4-366x366.jpg 366w, https:\/\/upominkiok.pl\/wp-content\/uploads\/2024\/09\/zestaw-czterech-nozy-do-krojenia-sera-kazdy-o-unikalnym-ksztalcie-z-mozliwoscia-graweru-upominkiok-4-100x100.jpg 100w, https:\/\/upominkiok.pl\/wp-content\/uploads\/2024\/09\/zestaw-czterech-nozy-do-krojenia-sera-kazdy-o-unikalnym-ksztalcie-z-mozliwoscia-graweru-upominkiok-4-600x600.jpg 600w, https:\/\/upominkiok.pl\/wp-content\/uploads\/2024\/09\/zestaw-czterech-nozy-do-krojenia-sera-kazdy-o-unikalnym-ksztalcie-z-mozliwoscia-graweru-upominkiok-4-300x300.jpg 300w, https:\/\/upominkiok.pl\/wp-content\/uploads\/2024\/09\/zestaw-czterech-nozy-do-krojenia-sera-kazdy-o-unikalnym-ksztalcie-z-mozliwoscia-graweru-upominkiok-4-150x150.jpg 150w, https:\/\/upominkiok.pl\/wp-content\/uploads\/2024\/09\/zestaw-czterech-nozy-do-krojenia-sera-kazdy-o-unikalnym-ksztalcie-z-mozliwoscia-graweru-upominkiok-4-768x768.jpg 768w, https:\/\/upominkiok.pl\/wp-content\/uploads\/2024\/09\/zestaw-czterech-nozy-do-krojenia-sera-kazdy-o-unikalnym-ksztalcie-z-mozliwoscia-graweru-upominkiok-4-1x1.jpg 1w, https:\/\/upominkiok.pl\/wp-content\/uploads\/2024\/09\/zestaw-czterech-nozy-do-krojenia-sera-kazdy-o-unikalnym-ksztalcie-z-mozliwoscia-graweru-upominkiok-4-10x10.jpg 10w, https:\/\/upominkiok.pl\/wp-content\/uploads\/2024\/09\/zestaw-czterech-nozy-do-krojenia-sera-kazdy-o-unikalnym-ksztalcie-z-mozliwoscia-graweru-upominkiok-4.jpg 1181w\" sizes=\"auto, (max-width: 1024px) 100vw, 1024px\" \/>\t\t\t\t\t\t\t\t\t\t\t\t\t\t\t<\/div>\n\t\t\t\t<\/div>\n\t\t\t\t\t<\/div>\n\t\t<\/div>\n\t\t\t\t\t<\/div>\n\t\t<\/section>\n\t\t\t\t<\/div>\n\t\t","protected":false},"excerpt":{"rendered":"<p>Elegancki zestaw 4 no\u017cy do sera ze stali nierdzewnej, zapakowany w estetyczne papierowe pude\u0142ko z infografik\u0105 opisuj\u0105c\u0105 funkcje ka\u017cdego no\u017ca, idealny na prezent.<\/p>\n","protected":false},"featured_media":6432,"comment_status":"closed","ping_status":"closed","template":"","meta":[],"etheme_brands":[],"product_brand":[],"product_cat":[54,40],"product_tag":[],"class_list":{"0":"post-6431","1":"product","2":"type-product","3":"status-publish","4":"has-post-thumbnail","6":"product_cat-zestawy-do-sera","7":"product_cat-upominki-firmowe","9":"first","10":"instock","11":"taxable","12":"shipping-taxable","13":"purchasable","14":"product-type-simple"},"_links":{"self":[{"href":"https:\/\/upominkiok.pl\/index.php?rest_route=\/wp\/v2\/product\/6431","targetHints":{"allow":["GET"]}}],"collection":[{"href":"https:\/\/upominkiok.pl\/index.php?rest_route=\/wp\/v2\/product"}],"about":[{"href":"https:\/\/upominkiok.pl\/index.php?rest_route=\/wp\/v2\/types\/product"}],"replies":[{"embeddable":true,"href":"https:\/\/upominkiok.pl\/index.php?rest_route=%2Fwp%2Fv2%2Fcomments&post=6431"}],"version-history":[{"count":4,"href":"https:\/\/upominkiok.pl\/index.php?rest_route=\/wp\/v2\/product\/6431\/revisions"}],"predecessor-version":[{"id":6441,"href":"https:\/\/upominkiok.pl\/index.php?rest_route=\/wp\/v2\/product\/6431\/revisions\/6441"}],"wp:featuredmedia":[{"embeddable":true,"href":"https:\/\/upominkiok.pl\/index.php?rest_route=\/wp\/v2\/media\/6432"}],"wp:attachment":[{"href":"https:\/\/upominkiok.pl\/index.php?rest_route=%2Fwp%2Fv2%2Fmedia&parent=6431"}],"wp:term":[{"taxonomy":"brand","embeddable":true,"href":"https:\/\/upominkiok.pl\/index.php?rest_route=%2Fwp%2Fv2%2Fetheme_brands&post=6431"},{"taxonomy":"product_brand","embeddable":true,"href":"https:\/\/upominkiok.pl\/index.php?rest_route=%2Fwp%2Fv2%2Fproduct_brand&post=6431"},{"taxonomy":"product_cat","embeddable":true,"href":"https:\/\/upominkiok.pl\/index.php?rest_route=%2Fwp%2Fv2%2Fproduct_cat&post=6431"},{"taxonomy":"product_tag","embeddable":true,"href":"https:\/\/upominkiok.pl\/index.php?rest_route=%2Fwp%2Fv2%2Fproduct_tag&post=6431"}],"curies":[{"name":"wp","href":"https:\/\/api.w.org\/{rel}","templated":true}]}}