{"id":6841,"date":"2024-09-20T06:58:28","date_gmt":"2024-09-20T04:58:28","guid":{"rendered":"http:\/\/upominkiok.pl\/?post_type=product&#038;p=6841"},"modified":"2024-09-20T07:00:38","modified_gmt":"2024-09-20T05:00:38","slug":"korkowy-dlugopis-czarny-zestaw-10szt","status":"publish","type":"product","link":"https:\/\/upominkiok.pl\/?product=korkowy-dlugopis-czarny-zestaw-10szt","title":{"rendered":"Korkowy D\u0142ugopis Czarny Zestaw 10szt."},"content":{"rendered":"\t\t<div data-elementor-type=\"wp-post\" data-elementor-id=\"6841\" class=\"elementor elementor-6841\" data-elementor-post-type=\"product\">\n\t\t\t\t\t\t<section class=\"elementor-section elementor-top-section elementor-element elementor-element-77c9109 elementor-section-content-top elementor-section-boxed elementor-section-height-default elementor-section-height-default\" data-id=\"77c9109\" data-element_type=\"section\">\n\t\t\t\t\t\t<div class=\"elementor-container elementor-column-gap-custom\">\n\t\t\t\t\t<div class=\"elementor-column elementor-col-50 elementor-top-column elementor-element elementor-element-4e6c717\" data-id=\"4e6c717\" data-element_type=\"column\">\n\t\t\t<div class=\"elementor-widget-wrap elementor-element-populated\">\n\t\t\t\t\t\t<div class=\"elementor-element elementor-element-677f358 elementor-widget elementor-widget-heading\" data-id=\"677f358\" data-element_type=\"widget\" data-widget_type=\"heading.default\">\n\t\t\t\t<div class=\"elementor-widget-container\">\n\t\t\t\t\t<h2 class=\"elementor-heading-title elementor-size-default\">Korkowy D\u0142ugopis Czarny Zestaw 10szt.<\/h2>\t\t\t\t<\/div>\n\t\t\t\t<\/div>\n\t\t\t\t<div class=\"elementor-element elementor-element-79687b6 elementor-widget__width-initial elementor-widget elementor-widget-text-editor\" data-id=\"79687b6\" data-element_type=\"widget\" data-widget_type=\"text-editor.default\">\n\t\t\t\t<div class=\"elementor-widget-container\">\n\t\t\t\t\t\t\t\t\t<p>D\u0142ugopis o wymiarach 141 x \u2300 11 mm wyr\u00f3\u017cnia si\u0119 unikalnym designem, \u0142\u0105cz\u0105c eleganckie metalowe wyko\u0144czenia z naturalnym korkowym korpusem, podkre\u015blaj\u0105cym jego ekologiczny charakter.<\/p><p>P\u0142ynny niebieski wk\u0142ad zapewnia wygod\u0119 i precyzj\u0119 pisania, a mo\u017cliwo\u015b\u0107 grawerowania na korkowej powierzchni czyni go doskona\u0142ym wyborem na spersonalizowany upominek lub stylowy gad\u017cet reklamowy.<\/p>\t\t\t\t\t\t\t\t<\/div>\n\t\t\t\t<\/div>\n\t\t\t\t\t<\/div>\n\t\t<\/div>\n\t\t\t\t<div class=\"elementor-column elementor-col-50 elementor-top-column elementor-element elementor-element-67ea4a5\" data-id=\"67ea4a5\" data-element_type=\"column\">\n\t\t\t<div class=\"elementor-widget-wrap elementor-element-populated\">\n\t\t\t\t\t\t<div class=\"elementor-element elementor-element-ab1e6aa elementor-widget elementor-widget-image\" data-id=\"ab1e6aa\" data-element_type=\"widget\" data-widget_type=\"image.default\">\n\t\t\t\t<div class=\"elementor-widget-container\">\n\t\t\t\t\t\t\t\t\t\t\t\t\t\t\t<img loading=\"lazy\" loading=\"lazy\" decoding=\"async\" width=\"1024\" height=\"1024\" src=\"https:\/\/upominkiok.pl\/wp-content\/uploads\/2024\/09\/dlugopis-wykonany-z-korka-czarne-wykonczenia-elegancki-z-grawerem-logo-upominkiok-3-1024x1024.jpg\" class=\"attachment-large size-large wp-image-6842\" alt=\"\" srcset=\"https:\/\/upominkiok.pl\/wp-content\/uploads\/2024\/09\/dlugopis-wykonany-z-korka-czarne-wykonczenia-elegancki-z-grawerem-logo-upominkiok-3-1024x1024.jpg 1024w, https:\/\/upominkiok.pl\/wp-content\/uploads\/2024\/09\/dlugopis-wykonany-z-korka-czarne-wykonczenia-elegancki-z-grawerem-logo-upominkiok-3-366x366.jpg 366w, https:\/\/upominkiok.pl\/wp-content\/uploads\/2024\/09\/dlugopis-wykonany-z-korka-czarne-wykonczenia-elegancki-z-grawerem-logo-upominkiok-3-100x100.jpg 100w, https:\/\/upominkiok.pl\/wp-content\/uploads\/2024\/09\/dlugopis-wykonany-z-korka-czarne-wykonczenia-elegancki-z-grawerem-logo-upominkiok-3-600x600.jpg 600w, https:\/\/upominkiok.pl\/wp-content\/uploads\/2024\/09\/dlugopis-wykonany-z-korka-czarne-wykonczenia-elegancki-z-grawerem-logo-upominkiok-3-300x300.jpg 300w, https:\/\/upominkiok.pl\/wp-content\/uploads\/2024\/09\/dlugopis-wykonany-z-korka-czarne-wykonczenia-elegancki-z-grawerem-logo-upominkiok-3-150x150.jpg 150w, https:\/\/upominkiok.pl\/wp-content\/uploads\/2024\/09\/dlugopis-wykonany-z-korka-czarne-wykonczenia-elegancki-z-grawerem-logo-upominkiok-3-768x768.jpg 768w, https:\/\/upominkiok.pl\/wp-content\/uploads\/2024\/09\/dlugopis-wykonany-z-korka-czarne-wykonczenia-elegancki-z-grawerem-logo-upominkiok-3-1x1.jpg 1w, https:\/\/upominkiok.pl\/wp-content\/uploads\/2024\/09\/dlugopis-wykonany-z-korka-czarne-wykonczenia-elegancki-z-grawerem-logo-upominkiok-3-10x10.jpg 10w, https:\/\/upominkiok.pl\/wp-content\/uploads\/2024\/09\/dlugopis-wykonany-z-korka-czarne-wykonczenia-elegancki-z-grawerem-logo-upominkiok-3.jpg 1181w\" sizes=\"auto, (max-width: 1024px) 100vw, 1024px\" \/>\t\t\t\t\t\t\t\t\t\t\t\t\t\t\t<\/div>\n\t\t\t\t<\/div>\n\t\t\t\t\t<\/div>\n\t\t<\/div>\n\t\t\t\t\t<\/div>\n\t\t<\/section>\n\t\t\t\t<\/div>\n\t\t","protected":false},"excerpt":{"rendered":"<p>D\u0142ugopis z naturalnym korkowym korpusem i eleganckimi metalowymi wyko\u0144czeniami, kt\u00f3ry \u0142\u0105czy ekologiczny styl z komfortem pisania dzi\u0119ki p\u0142ynnemu, niebieskiemu wk\u0142adowi.<\/p>\n","protected":false},"featured_media":6844,"comment_status":"closed","ping_status":"closed","template":"","meta":[],"etheme_brands":[],"product_brand":[],"product_cat":[78,40],"product_tag":[],"class_list":{"0":"post-6841","1":"product","2":"type-product","3":"status-publish","4":"has-post-thumbnail","6":"product_cat-artykuly-pismiennicze","7":"product_cat-upominki-firmowe","9":"first","10":"instock","11":"taxable","12":"shipping-taxable","13":"purchasable","14":"product-type-simple"},"_links":{"self":[{"href":"https:\/\/upominkiok.pl\/index.php?rest_route=\/wp\/v2\/product\/6841","targetHints":{"allow":["GET"]}}],"collection":[{"href":"https:\/\/upominkiok.pl\/index.php?rest_route=\/wp\/v2\/product"}],"about":[{"href":"https:\/\/upominkiok.pl\/index.php?rest_route=\/wp\/v2\/types\/product"}],"replies":[{"embeddable":true,"href":"https:\/\/upominkiok.pl\/index.php?rest_route=%2Fwp%2Fv2%2Fcomments&post=6841"}],"version-history":[{"count":4,"href":"https:\/\/upominkiok.pl\/index.php?rest_route=\/wp\/v2\/product\/6841\/revisions"}],"predecessor-version":[{"id":6849,"href":"https:\/\/upominkiok.pl\/index.php?rest_route=\/wp\/v2\/product\/6841\/revisions\/6849"}],"wp:featuredmedia":[{"embeddable":true,"href":"https:\/\/upominkiok.pl\/index.php?rest_route=\/wp\/v2\/media\/6844"}],"wp:attachment":[{"href":"https:\/\/upominkiok.pl\/index.php?rest_route=%2Fwp%2Fv2%2Fmedia&parent=6841"}],"wp:term":[{"taxonomy":"brand","embeddable":true,"href":"https:\/\/upominkiok.pl\/index.php?rest_route=%2Fwp%2Fv2%2Fetheme_brands&post=6841"},{"taxonomy":"product_brand","embeddable":true,"href":"https:\/\/upominkiok.pl\/index.php?rest_route=%2Fwp%2Fv2%2Fproduct_brand&post=6841"},{"taxonomy":"product_cat","embeddable":true,"href":"https:\/\/upominkiok.pl\/index.php?rest_route=%2Fwp%2Fv2%2Fproduct_cat&post=6841"},{"taxonomy":"product_tag","embeddable":true,"href":"https:\/\/upominkiok.pl\/index.php?rest_route=%2Fwp%2Fv2%2Fproduct_tag&post=6841"}],"curies":[{"name":"wp","href":"https:\/\/api.w.org\/{rel}","templated":true}]}}